{"id":104,"date":"2015-03-19T21:28:53","date_gmt":"2015-03-19T21:28:53","guid":{"rendered":"http:\/\/mensch-tier-gemeinsam.de\/htdocs\/?page_id=104"},"modified":"2015-03-19T21:28:53","modified_gmt":"2015-03-19T21:28:53","slug":"eltern-coaching","status":"publish","type":"page","link":"https:\/\/mensch-tier-gemeinsam.de\/htdocs\/kommunikation-persoenlichkeitsentwicklung\/coaching\/eltern-coaching\/","title":{"rendered":"Eltern-Coaching"},"content":{"rendered":"<div class=\"csRow\">\n<div class=\"csColumnGap\" style=\"margin: 0px; padding: 0px; float: left; width: 1.56%;\"><img decoding=\"async\" src=\"http:\/\/mensch-tier-gemeinsam.de\/htdocs\/wp-content\/plugins\/advanced-wp-columns\/assets\/js\/plugins\/views\/img\/1x1-pixel.png\" alt=\"\" \/><\/div>\n<div class=\"csColumn\" style=\"margin: 0px; padding: 0px; float: left; width: 20.9%;\" data-csid=\"499a9114-ba50-5c56-a4f4-4f37a637d4d9\" data-cswidth=\"20.9%\" data-csendpoint=\"216\" data-csstartpoint=\"15\">\n<div id=\"column1-content\">\n<div id=\"column1-content-inner\" class=\"container-content-inner\">\n<div id=\"widget-01f8538c-0de0-4d8f-9e46-3a02f10cff28\" class=\"widget widget-text\">\n<div class=\"widget-content\">\n<p><span style=\"font-size: 14px; font-weight: bold;\">Eltern-Coaching:<\/span><\/p>\n<p>&#8211; f\u00fcr leibliche Eltern, Adoptiv-, Pflege- und Gro\u00dfeltern<\/p>\n<p>&#8211; wenn Sie sich den Alltag erleichtern wollen<\/p>\n<p>&#8211; wenn Sie Ihr Kind in schwierigen Situationen unterst\u00fctzen wollen<\/p>\n<p>&#8211; wenn Sie sich pers\u00f6nlich weiterentwickeln wollen<\/p>\n<p>&#8211;\u00a0mit Tieren oder in reiner Gespr\u00e4chsform ohne Tiere, nach Absprache<\/p>\n<p>&#8211; pers\u00f6nlich, vertrauensvoll, im gesch\u00fctzten Rahmen<\/p>\n<p>&#8211; H\u00e4ufigkeit: einmal bis ???<\/p>\n<\/div>\n<\/div>\n<\/div>\n<\/div>\n<\/div>\n<div class=\"csColumnGap\" style=\"margin: 0px; padding: 0px; float: left; width: 0.938%;\"><img decoding=\"async\" src=\"http:\/\/mensch-tier-gemeinsam.de\/htdocs\/wp-content\/plugins\/advanced-wp-columns\/assets\/js\/plugins\/views\/img\/1x1-pixel.png\" alt=\"\" \/><\/div>\n<div class=\"csColumn\" style=\"margin: 0px; padding: 0px; float: left; width: 53%;\" data-csid=\"b01fbab2-841f-b779-b599-30165371b43b\" data-cswidth=\"53.0%\" data-csendpoint=\"734\" data-csstartpoint=\"225\">\n<h1 style=\"text-align: center;\">Eltern-Coaching<\/h1>\n<p>&nbsp;<\/p>\n<p>Welcher Vater, welche Mutter kennt das nicht: <span style=\"font-style: italic;\">Hundertmal habe ich es schon gesagt. Wieso will mein Kind nicht begreifen, dass es &#8230;<\/span><\/p>\n<p>Wie auch in anderen Bereichen der Verst\u00e4ndigung zwischen Lebewesen kommt es zwischen Eltern und Kindern h\u00e4ufig zu Problemen, die gar keine echten Probleme sondern die Folge von Missverst\u00e4ndnissen sind. Bei erwachsenen Menschen spricht meistens der <span style=\"font-size: 14px; font-weight: bold;\">Verstand \u00fcber den Mund mittels Worten <\/span>und das <span style=\"font-size: 14px; font-weight: bold;\">Gef\u00fchl \u00fcber Stimme und K\u00f6rper<\/span>. Das Gegen\u00fcber h\u00f6rt bewusst die Worte, h\u00f6rt zumeist unbewusst die Stimme und liest\u00a0unbewusst am K\u00f6rper. Der erwachsene Empf\u00e4nger reagiert \u00fcberwiegend rational, verarbeitet die geh\u00f6rten Worte und beachtet Stimme und K\u00f6rpersprache weniger. Kinder hingegen beachten weniger die Worte als die \u00fcbrigen Signale\/ Botschaften. Unbewusst nat\u00fcrlich, weshalb man als Erwachsener keine vern\u00fcnftige Antwort bekommt, wenn man das Kind nach der Begr\u00fcndung f\u00fcr das wiederholte Missachten einer Ansage fragt. Sofern Worte, Stimme und K\u00f6rpersprache das Gleiche aussagen, reicht h\u00e4ufig eine Ansage und alles ist gut. Dann versteht das Kind genau das, was Mutter oder Vater sagen. Die o. g. Schwierigkeiten treten dann auf, wenn die <span style=\"font-size: 14px;\"><span style=\"font-weight: bold;\">Aussagen von Worten, Stimme und K\u00f6rper unterschiedlich <\/span><\/span>sind. Mit fremden Kindern oder Kindern von Bekannten kommt dies eher seltener vor als mit den eigenen bzw. Kindern, zu denen man eine enge emotionale Bindung hat.<\/p>\n<p>Im Eltern-Coaching m\u00f6chte ich zun\u00e4chst Ihre W\u00fcnsche h\u00f6ren. Dann wird gekl\u00e4rt, welche Bed\u00fcrfnisse Ihr Kind hat und welche Sie haben, die gilt es in Einklang zu bringen. M\u00f6glich ist dies nur durch gelungene Verst\u00e4ndigung, wie in anderen Bereichen auch. Deshalb\u00a0unterst\u00fctze ich Sie im Eltern-Coaching schwerpunktm\u00e4\u00dfig darin,\u00a0<span style=\"font-size: 14px; font-weight: bold;\">dass Sie das, was Sie Ihrem Kind mitteilen m\u00f6chten, mit Worten, Stimme und K\u00f6rper tats\u00e4chlich mitteilen und Ihr Kind folglich genau das versteht.<\/span><\/p>\n<\/div>\n<div class=\"csColumnGap\" style=\"margin: 0px; padding: 0px; float: left; width: 1.15%;\"><img decoding=\"async\" src=\"http:\/\/mensch-tier-gemeinsam.de\/htdocs\/wp-content\/plugins\/advanced-wp-columns\/assets\/js\/plugins\/views\/img\/1x1-pixel.png\" alt=\"\" \/><\/div>\n<div class=\"csColumn\" style=\"margin: 0px; padding: 0px; float: left; width: 20.8%;\" data-csid=\"e1d102c9-2812-1a6e-b2da-acecfff5f44b\" data-cswidth=\"20.8%\" data-csendpoint=\"945\" data-csstartpoint=\"745\">\n<p><span style=\"font-size: 14px; font-weight: bold;\">Beispiel:<\/span> Das Kind kann seit kurzem laufen, geht immer wieder zum gro\u00dfen, niedrig stehenden Flachbildfernseher und st\u00f6\u00dft ihn an. Kind freut sich, dass der Fernseher wackelt. Mutter ist nicht erfreut und sagt jedes Mal &#8222;<span style=\"font-size: 14px; font-weight: bold;\">Neeeiiiin<\/span>.&#8220;. Keine schlimme Situation, doch im Alltag bei\u00a0zig-facher Wiederholung kann es nervt\u00f6tend sein.<\/p>\n<p><span style=\"font-size: 14px; font-weight: bold;\">Beispiel:<\/span> Vater: &#8222;<span style=\"font-size: 14px;\"><span style=\"font-weight: bold;\">Du brauchst keine Angst zu haben<\/span>!&#8220;. <\/span>Kind z\u00f6gert. &#8222;Nun geh&#8216; doch hin!&#8220; ruft der Vater aus dem Hintergrund. Das Kind l\u00e4uft entweder zum Vater, woanders hin oder zwingt sich selbst weiterzugehen, jedoch mit innerer Angst.<\/p>\n<\/div>\n<div class=\"csColumnGap\" style=\"margin: 0px; padding: 0px; float: left; width: 1.56%;\"><img decoding=\"async\" src=\"http:\/\/mensch-tier-gemeinsam.de\/htdocs\/wp-content\/plugins\/advanced-wp-columns\/assets\/js\/plugins\/views\/img\/1x1-pixel.png\" alt=\"\" \/><\/div>\n<div style=\"clear: both; float: none; display: block; visibility: hidden; width: 0px; font-size: 0px; line-height: 0;\"><\/div>\n<\/div>\n<p>&nbsp;<\/p>\n","protected":false},"excerpt":{"rendered":"<p>Eltern-Coaching: &#8211; f\u00fcr leibliche Eltern, Adoptiv-, Pflege- und Gro\u00dfeltern &#8211; wenn Sie sich den Alltag erleichtern wollen &#8211; wenn Sie Ihr Kind in schwierigen Situationen unterst\u00fctzen wollen &#8211; wenn Sie sich pers\u00f6nlich weiterentwickeln wollen &#8211;\u00a0mit Tieren oder in reiner Gespr\u00e4chsform ohne Tiere, nach Absprache &#8211; pers\u00f6nlich, vertrauensvoll, im gesch\u00fctzten Rahmen &#8211; H\u00e4ufigkeit: einmal bis ??? [&hellip;]<\/p>\n","protected":false},"author":1,"featured_media":0,"parent":100,"menu_order":1,"comment_status":"closed","ping_status":"open","template":"page-templates\/full-width-wide.php","meta":{"footnotes":""},"class_list":["post-104","page","type-page","status-publish","hentry"],"_links":{"self":[{"href":"https:\/\/mensch-tier-gemeinsam.de\/htdocs\/wp-json\/wp\/v2\/pages\/104","targetHints":{"allow":["GET"]}}],"collection":[{"href":"https:\/\/mensch-tier-gemeinsam.de\/htdocs\/wp-json\/wp\/v2\/pages"}],"about":[{"href":"https:\/\/mensch-tier-gemeinsam.de\/htdocs\/wp-json\/wp\/v2\/types\/page"}],"author":[{"embeddable":true,"href":"https:\/\/mensch-tier-gemeinsam.de\/htdocs\/wp-json\/wp\/v2\/users\/1"}],"replies":[{"embeddable":true,"href":"https:\/\/mensch-tier-gemeinsam.de\/htdocs\/wp-json\/wp\/v2\/comments?post=104"}],"version-history":[{"count":1,"href":"https:\/\/mensch-tier-gemeinsam.de\/htdocs\/wp-json\/wp\/v2\/pages\/104\/revisions"}],"predecessor-version":[{"id":105,"href":"https:\/\/mensch-tier-gemeinsam.de\/htdocs\/wp-json\/wp\/v2\/pages\/104\/revisions\/105"}],"up":[{"embeddable":true,"href":"https:\/\/mensch-tier-gemeinsam.de\/htdocs\/wp-json\/wp\/v2\/pages\/100"}],"wp:attachment":[{"href":"https:\/\/mensch-tier-gemeinsam.de\/htdocs\/wp-json\/wp\/v2\/media?parent=104"}],"curies":[{"name":"wp","href":"https:\/\/api.w.org\/{rel}","templated":true}]}}