{"id":118,"date":"2015-03-19T21:46:00","date_gmt":"2015-03-19T21:46:00","guid":{"rendered":"http:\/\/mensch-tier-gemeinsam.de\/htdocs\/?page_id=118"},"modified":"2015-12-21T12:30:52","modified_gmt":"2015-12-21T12:30:52","slug":"veranstaltungen-fuer-kaninchenhalter","status":"publish","type":"page","link":"https:\/\/mensch-tier-gemeinsam.de\/htdocs\/fuer-tierhalter\/fuer-menschen-mit-kaninchen\/veranstaltungen-fuer-kaninchenhalter\/","title":{"rendered":"Veranstaltungen f\u00fcr Kaninchenhalter"},"content":{"rendered":"<p>Veranstaltungen f\u00fcr Kaninchenhalter<\/p>\n<p>&nbsp;<\/p>\n<ul>\n<li><a class=\" link\" title=\"Themenabende\" href=\"http:\/\/mensch-tier-gemeinsam.de\/htdocs\/?page_id=181\">Themenabende<\/a>:\n<ul>\n<li>Kaninchen-K\u00e4fig\/ -Gehege<\/li>\n<li>Kaninchen-Zusammenf\u00fchrung<\/li>\n<\/ul>\n<ul>\n<li>Mit dem Tier zum Tierarzt<\/li>\n<\/ul>\n<ul>\n<li>Jungtiere aufziehen und nat\u00fcrlich erziehen<\/li>\n<\/ul>\n<ul>\n<li>Hund streicheln (auch f\u00fcr Halter von Kaninchen, Katzen und anderen S\u00e4ugetieren geeignet)<\/li>\n<li>Alter Hund, kranker Hund\u00a0(auch f\u00fcr Halter von Kaninchen, Katzen und anderen Tieren geeignet)<\/li>\n<li>Ein Hund lebt im Haushalt, ein Kind kommt dazu\u00a0(auch f\u00fcr Halter von Kaninchen, Katzen und anderen Tieren geeignet)<\/li>\n<li>Hund und Katze friedlich zusammen\u00a0(auch f\u00fcr Halter von Kaninchen und Hunden oder Katzen geeignet)<\/li>\n<\/ul>\n<\/li>\n<li>Seminare:\n<ul>\n<li><a class=\" link\" href=\"http:\/\/www.mensch-tier-gemeinsam.de\/page81.php\">Verhalten und Bed\u00fcrfnisse von Kaninchen<\/a><\/li>\n<li><a class=\" link\" href=\"http:\/\/www.mensch-tier-gemeinsam.de\/page75.php\">Entscheidungen treffen, Entscheidungen umsetzen, geachtet werden<\/a> (Kurz-Seminar f\u00fcr jede Lebenssituation) (geeignet, wenn Ihre Kaninchen in der Wohnung auf dem Fu\u00dfboden laufen d\u00fcrfen)<\/li>\n<li><a class=\" link\" href=\"http:\/\/www.mensch-tier-gemeinsam.de\/page78.php\">Souver\u00e4n f\u00fchren, Entspannung bewirken<\/a>\u00a0(f\u00fcr Fortgeschrittene, Veranstaltungsreihe: Kurz-Seminare f\u00fcr jede Lebenssituation)\u00a0(geeignet, wenn Ihre Kaninchen in der Wohnung auf dem Fu\u00dfboden laufen d\u00fcrfen)<\/li>\n<\/ul>\n<\/li>\n<\/ul>\n","protected":false},"excerpt":{"rendered":"<p>Veranstaltungen f\u00fcr Kaninchenhalter &nbsp; Themenabende: Kaninchen-K\u00e4fig\/ -Gehege Kaninchen-Zusammenf\u00fchrung Mit dem Tier zum Tierarzt Jungtiere aufziehen und nat\u00fcrlich erziehen Hund streicheln (auch f\u00fcr Halter von Kaninchen, Katzen und anderen S\u00e4ugetieren geeignet) Alter Hund, kranker Hund\u00a0(auch f\u00fcr Halter von Kaninchen, Katzen und anderen Tieren geeignet) Ein Hund lebt im Haushalt, ein Kind kommt dazu\u00a0(auch f\u00fcr Halter von [&hellip;]<\/p>\n","protected":false},"author":1,"featured_media":0,"parent":116,"menu_order":0,"comment_status":"closed","ping_status":"open","template":"","meta":{"footnotes":""},"class_list":["post-118","page","type-page","status-publish","hentry"],"_links":{"self":[{"href":"https:\/\/mensch-tier-gemeinsam.de\/htdocs\/wp-json\/wp\/v2\/pages\/118","targetHints":{"allow":["GET"]}}],"collection":[{"href":"https:\/\/mensch-tier-gemeinsam.de\/htdocs\/wp-json\/wp\/v2\/pages"}],"about":[{"href":"https:\/\/mensch-tier-gemeinsam.de\/htdocs\/wp-json\/wp\/v2\/types\/page"}],"author":[{"embeddable":true,"href":"https:\/\/mensch-tier-gemeinsam.de\/htdocs\/wp-json\/wp\/v2\/users\/1"}],"replies":[{"embeddable":true,"href":"https:\/\/mensch-tier-gemeinsam.de\/htdocs\/wp-json\/wp\/v2\/comments?post=118"}],"version-history":[{"count":4,"href":"https:\/\/mensch-tier-gemeinsam.de\/htdocs\/wp-json\/wp\/v2\/pages\/118\/revisions"}],"predecessor-version":[{"id":979,"href":"https:\/\/mensch-tier-gemeinsam.de\/htdocs\/wp-json\/wp\/v2\/pages\/118\/revisions\/979"}],"up":[{"embeddable":true,"href":"https:\/\/mensch-tier-gemeinsam.de\/htdocs\/wp-json\/wp\/v2\/pages\/116"}],"wp:attachment":[{"href":"https:\/\/mensch-tier-gemeinsam.de\/htdocs\/wp-json\/wp\/v2\/media?parent=118"}],"curies":[{"name":"wp","href":"https:\/\/api.w.org\/{rel}","templated":true}]}}