{"id":129,"date":"2015-03-19T21:55:35","date_gmt":"2015-03-19T21:55:35","guid":{"rendered":"http:\/\/mensch-tier-gemeinsam.de\/htdocs\/?page_id=129"},"modified":"2015-03-21T08:49:27","modified_gmt":"2015-03-21T08:49:27","slug":"fuer-menschen-mit-huehnern","status":"publish","type":"page","link":"https:\/\/mensch-tier-gemeinsam.de\/htdocs\/fuer-tierhalter\/fuer-menschen-mit-huehnern\/","title":{"rendered":"F\u00fcr Menschen mit H\u00fchnern"},"content":{"rendered":"<div id=\"content-content\">\n<div id=\"content-content-inner\" class=\"container-content-inner\">\n<div id=\"widget-efca7828-ccfe-454e-83df-71ee96850572\" class=\"widget widget-text\">\n<div class=\"widget-content\">\n<p>&nbsp;<\/p>\n<p>F\u00fcr Menschen mit H\u00fchnern<\/p>\n<p>&nbsp;<\/p>\n<ul>\n<li><a title=\"Individuelle Beratungen f\u00fcr H\u00fchnerhalter\" href=\"http:\/\/mensch-tier-gemeinsam.de\/htdocs\/?page_id=133\">Individuelle Beratungen\u00a0f\u00fcr H\u00fchnerhalter<\/a><\/li>\n<\/ul>\n<p>&nbsp;<\/p>\n<ul>\n<li><a title=\"Veranstaltungen f\u00fcr H\u00fchnerhalter\" href=\"http:\/\/mensch-tier-gemeinsam.de\/htdocs\/?page_id=131\">Veranstaltungen f\u00fcr H\u00fchnerhalter:<\/a> Themenabende, Kurz-Seminare, Seminare<\/li>\n<\/ul>\n<\/div>\n<\/div>\n<\/div>\n<\/div>\n","protected":false},"excerpt":{"rendered":"<p>&nbsp; F\u00fcr Menschen mit H\u00fchnern &nbsp; Individuelle Beratungen\u00a0f\u00fcr H\u00fchnerhalter &nbsp; Veranstaltungen f\u00fcr H\u00fchnerhalter: Themenabende, Kurz-Seminare, Seminare<\/p>\n","protected":false},"author":1,"featured_media":0,"parent":31,"menu_order":3,"comment_status":"closed","ping_status":"open","template":"page-templates\/full-width-wide.php","meta":{"footnotes":""},"class_list":["post-129","page","type-page","status-publish","hentry"],"_links":{"self":[{"href":"https:\/\/mensch-tier-gemeinsam.de\/htdocs\/wp-json\/wp\/v2\/pages\/129","targetHints":{"allow":["GET"]}}],"collection":[{"href":"https:\/\/mensch-tier-gemeinsam.de\/htdocs\/wp-json\/wp\/v2\/pages"}],"about":[{"href":"https:\/\/mensch-tier-gemeinsam.de\/htdocs\/wp-json\/wp\/v2\/types\/page"}],"author":[{"embeddable":true,"href":"https:\/\/mensch-tier-gemeinsam.de\/htdocs\/wp-json\/wp\/v2\/users\/1"}],"replies":[{"embeddable":true,"href":"https:\/\/mensch-tier-gemeinsam.de\/htdocs\/wp-json\/wp\/v2\/comments?post=129"}],"version-history":[{"count":3,"href":"https:\/\/mensch-tier-gemeinsam.de\/htdocs\/wp-json\/wp\/v2\/pages\/129\/revisions"}],"predecessor-version":[{"id":202,"href":"https:\/\/mensch-tier-gemeinsam.de\/htdocs\/wp-json\/wp\/v2\/pages\/129\/revisions\/202"}],"up":[{"embeddable":true,"href":"https:\/\/mensch-tier-gemeinsam.de\/htdocs\/wp-json\/wp\/v2\/pages\/31"}],"wp:attachment":[{"href":"https:\/\/mensch-tier-gemeinsam.de\/htdocs\/wp-json\/wp\/v2\/media?parent=129"}],"curies":[{"name":"wp","href":"https:\/\/api.w.org\/{rel}","templated":true}]}}