{"id":133,"date":"2015-03-19T21:58:21","date_gmt":"2015-03-19T21:58:21","guid":{"rendered":"http:\/\/mensch-tier-gemeinsam.de\/htdocs\/?page_id=133"},"modified":"2015-04-25T15:49:32","modified_gmt":"2015-04-25T15:49:32","slug":"individuelle-beratungen-fuer-huehnerhalter","status":"publish","type":"page","link":"https:\/\/mensch-tier-gemeinsam.de\/htdocs\/fuer-tierhalter\/fuer-menschen-mit-huehnern\/individuelle-beratungen-fuer-huehnerhalter\/","title":{"rendered":"Individuelle Beratungen f\u00fcr H\u00fchnerhalter"},"content":{"rendered":"<div class=\"csRow\">\n<div class=\"csColumnGap\" style=\"margin: 0px; padding: 0px; float: left; width: 1.56%;\"><img decoding=\"async\" src=\"http:\/\/mensch-tier-gemeinsam.de\/htdocs\/wp-content\/plugins\/advanced-wp-columns\/assets\/js\/plugins\/views\/img\/1x1-pixel.png\" alt=\"\" \/><\/div>\n<div class=\"csColumn\" style=\"margin: 0px; padding: 0px; float: left; width: 20.7%;\" data-csid=\"37a25f0e-1a25-bf2a-9b8c-a55352033551\" data-cswidth=\"20.7%\" data-csendpoint=\"214\" data-csstartpoint=\"15\">\n<p><span style=\"font-weight: bold; font-size: 16px;\">Etwas Pers\u00f6nliches Etwas Provokantes<\/span><\/p>\n<p>Beim Schreiben der Texte f\u00fcr die anderen Seiten hatte ich mitunter M\u00fche, mir genug einfallen zu lassen. Bei dieser Seite musste ich mich ausbremsen, um Sie nicht mit unendlich viel Text zu erschlagen. Es sind die Nutztiere, f\u00fcr die ich so gern das Wort ergreife. Ob Legehenne oder Schlachtente, sie haben interessante, liebenswerte Pers\u00f6nlichkeiten und Bed\u00fcrfnisse, die unsere Achtung verdienen. Auch ihnen steht ein angenehmes Leben zu. Und wo ist der Unterschied? Pferde, Katzen und vor allem Hunde nutzen wir, um unsere emotionalen Bed\u00fcrfnisse zu befriedigen. So gesehen ist ein Huhn ebenso ein Nutztier wie ein Hund und verdient folglich ebenso unsere Aufmerksamkeit und Achtung wie ein Hund. Oder?<\/p>\n<\/div>\n<div class=\"csColumnGap\" style=\"margin: 0px; padding: 0px; float: left; width: 1.15%;\"><img decoding=\"async\" src=\"http:\/\/mensch-tier-gemeinsam.de\/htdocs\/wp-content\/plugins\/advanced-wp-columns\/assets\/js\/plugins\/views\/img\/1x1-pixel.png\" alt=\"\" \/><\/div>\n<div class=\"csColumn\" style=\"margin: 0px; padding: 0px; float: left; width: 53.1%;\" data-csid=\"275f9614-a256-5f68-a346-b868241c05a7\" data-cswidth=\"53.1%\" data-csendpoint=\"735\" data-csstartpoint=\"225\">\n<div id=\"content-content\">\n<div id=\"content-content-inner\" class=\"container-content-inner\">\n<div id=\"widget-67ccfb96-3552-4d9b-8aa2-97b8269ae0fc\" class=\"widget widget-text\">\n<div class=\"widget-content\">\n<h1 style=\"text-align: center;\">Individuelle Beratungen f\u00fcr H\u00fchnerhalter<\/h1>\n<p>&nbsp;<\/p>\n<p><span style=\"font-size: 13px; font-weight: bold;\">Nutztiere wie H\u00fchner<\/span> haben, sofern die Unterbringung ann\u00e4hernd artgerecht ist, eine gesunde Psyche und ein gesundes Sozialverhalten. In der Regel haben die privaten H\u00fchnerhalter einen Stall mit H\u00fchnerhof f\u00fcr ihre Tiere und lassen die H\u00fchner H\u00fchner sein. Tritt hier unerw\u00fcnschtes Verhalten auf, handelt es sich normalerweise um <span style=\"font-size: 14px; font-weight: bold;\">nat\u00fcrliche Reaktionen der H\u00fchner<\/span> auf das aus H\u00fchnersicht \u00e4u\u00dferst merkw\u00fcrdige oder widerspr\u00fcchliche Verhalten des Menschen. Es betrifft meist nur wenige einzelne Verhaltensweisen, so dass es sich sehr einfach \u00e4ndern l\u00e4sst.\u00a0Nur bei schlechten Unterbringungsbedingungen oder wenn die H\u00fchner in der Pr\u00e4gephase engen Menschenkontakt hatten, vor allem bei Tieren aus Handaufzucht, kommt es h\u00e4ufig zu Verhaltensauff\u00e4lligkeiten bzw. -st\u00f6rungen. Je enger der Kontakt zwischen Mensch und Tier von der Pr\u00e4gephase bis zum erwachsen Werden ist, umso l\u00e4nger ist der Weg zum gesunden Sozialverhalten.<\/p>\n<p>Ein typisches <span style=\"font-size: 14px; font-weight: bold;\">Wechselspiel zwischen Mensch und Tier <\/span>aufgrund k\u00f6rpersprachlicher Kommunikation:<\/p>\n<p><img loading=\"lazy\" decoding=\"async\" id=\"mce-3099\" style=\"float: left; margin-right: 20px;\" title=\"Mein Hahn &quot;Schumann&quot; ist aufmerksam. \" src=\"..\/..\/..\/..\/..\/..\/..\/..\/attachments\/Image\/schumann_aufmerksam_kompr.jpg?template=generic&amp;header=headers1&amp;button=buttons1\" alt=\"Mein Hahn &quot;Schumann&quot; ist aufmerksam. \" width=\"298\" height=\"300\" \/><\/p>\n<p><img loading=\"lazy\" decoding=\"async\" id=\"mce-3162\" style=\"float: left; margin-right: 20px;\" title=\"Schumann zeigt Dominanz gegen\u00fcber dem Fotografen. \" src=\"..\/..\/..\/..\/..\/..\/..\/..\/attachments\/Image\/schumann_dominant_kompr.jpg?template=generic&amp;header=headers1&amp;button=buttons1\" alt=\"Schumann zeigt Dominanz gegen\u00fcber dem Fotografen. \" width=\"269\" height=\"295\" \/>Links ist der stehende Fotograf gr\u00f6\u00dfer. Schumann ist interessiert, aufmerksam. Sein Kopf ist vor seiner Brust. Rechts hat sich der Fotograf klein gemacht, erniedrigt. Schumann pr\u00e4sentiert sich dominant gegen\u00fcber dem Fotografen. Kopf \u00fcber der Brust, eher etwas dahinter. Dadurch wirkt die Brust gr\u00f6\u00dfer und Schumann insgesamt kr\u00e4ftiger. Beide Fotos wurden innerhalb weniger Minuten aufgenommen.<\/p>\n<p>&nbsp;<\/p>\n<p><span style=\"font-size: 14px; font-weight: bold;\">Wir Menschen finden<\/span> unser Verhalten v\u00f6llig normal und es ist doch total selbstverst\u00e4ndlich, dass wir dieses oder jenes meinen und erwarten. F\u00fcr die H\u00fchner ist aus deren Sicht ebenso selbstverst\u00e4ndlich, dass wir keine Entscheidungsrechte im H\u00fchnerhof haben, nachdem wir zuvor monatelang wie ein unsicherer Besucher* den H\u00fchnerhof betreten haben. In diesem Revier hat derjenige Entscheidungsgewalt, der sich wie ein <span style=\"font-size: 14px; font-weight: bold;\">verantwortungsvoller Entscheidungstr\u00e4ger <\/span>verh\u00e4lt und pr\u00e4sentiert. Das rangh\u00f6chste Tier in der H\u00fchnerherde ist \u00fcblicherweise ein Hahn. Es kann auch die rangh\u00f6chste Henne sein &#8211; oder der Mensch. Meistens sind es relativ nat\u00fcrliche Situationen, in denen das Revierverhalten, die Rangordnung und die Aufgabenverteilung bedeutsam sind.<\/p>\n<p>*: Auch aggressives menschliches Verhalten wird von Tieren h\u00e4ufig als unsicher gedeutet.<\/p>\n<p>Aber es gibt auch andere Situationen, die man als Mensch f\u00fcr alle angenehm gestalten kann. Ich selbst habe meinem Hahn beispielsweise k\u00f6rpersprachlich mitgeteilt, dass er einen zweiten Hahn dulden soll. An einem meiner Jungh\u00e4hne hing ich so sehr, dass ich ihn weder verkaufen noch schlachten lassen mochte. Also habe ich jetzt Schumann (\u00e4lterer Hahn) und Brahms (j\u00fcngerer Hahn), die alle Klaras (Hennen) lieben. Schumann ist psychisch gesund und stabil und hat sich mit der unnat\u00fcrlichen Situation, dass es zwei H\u00e4hne gibt, abgefunden. Ebenso greife ich ein und reguliere zwischen meinen H\u00fchnern und Enten sowie zwischen meinem Gefl\u00fcgel und meinen Hunden. Diese Form des Zusammenlebens ist <span style=\"font-size: 14px; font-weight: bold;\">nicht arttypisch sondern unnat\u00fcrlich<\/span>. Hier habe <span style=\"font-size: 14px; font-weight: bold;\">ich als Mensch die Verantwortung<\/span> zu erkennen und einzugreifen, wenn eines der Tiere sch\u00e4dlich unterdr\u00fcckt oder ausgegrenzt wird. Besonders unnat\u00fcrlich ist es f\u00fcr meine Hunde, sich von Hundefutter zu ern\u00e4hren anstatt meine H\u00fchner, Enten und Kaninchen zu t\u00f6ten und zu fressen. Wir Menschen sind mit unseren Lebensvorstellungen und -formen wirklich eigenartig.<\/p>\n<p><img loading=\"lazy\" decoding=\"async\" id=\"mce-789\" style=\"margin-right: auto; display: block; margin-left: auto;\" title=\"H\u00fchner und Hunde friedlich zusammen\" src=\"..\/..\/..\/..\/..\/..\/..\/..\/attachments\/Image\/frei_verteilt_kompr.jpg?template=generic&amp;header=headers1&amp;button=buttons1\" alt=\"H\u00fchner und Hunde friedlich zusammen\" width=\"700\" height=\"486\" \/><\/p>\n<p>Foto oben: Die Hunde Pixel, Ronja und Daria beim Gefl\u00fcgel. Ronja will Daria imponieren. Der schwarz-wei\u00dfen Ente hinten rechts ist es zu viel, sie m\u00f6chte ihre Ruhe haben. Zu der Zeit war sie aufgrund ihrer schlechten Vergangenheit noch scheu. Schumann (hinten links) pr\u00e4sentiert sich in voller Gr\u00f6\u00dfe und sieht zu Brahms (mitte rechts). Brahms war etwa in der Pubert\u00e4t, wusste noch nicht so recht, was er mit Hennen anstellen sollte und wie er auf Schumanns offensives Imponierverhalten reagieren sollte.<\/p>\n<p>Foto unten: etwa zwei Jahre sp\u00e4ter<\/p>\n<div id=\"attachment_514\" style=\"width: 310px\" class=\"wp-caption alignleft\"><a href=\"http:\/\/mensch-tier-gemeinsam.de\/htdocs\/wp-content\/uploads\/2015\/04\/huehner_hand_hunde___.jpg\"><img loading=\"lazy\" decoding=\"async\" aria-describedby=\"caption-attachment-514\" class=\"size-medium wp-image-514\" src=\"http:\/\/mensch-tier-gemeinsam.de\/htdocs\/wp-content\/uploads\/2015\/04\/huehner_hand_hunde___-300x200.jpg\" alt=\"Hahn Schumann und Henne Elli fressen. H\u00fcndin Daria beschwichtigt zum Hahn. H\u00fcndin Ronja versucht k\u00f6rperlich, meine Aufmerksamkeit zu bekommen. \" width=\"300\" height=\"200\" srcset=\"https:\/\/mensch-tier-gemeinsam.de\/htdocs\/wp-content\/uploads\/2015\/04\/huehner_hand_hunde___-300x200.jpg 300w, https:\/\/mensch-tier-gemeinsam.de\/htdocs\/wp-content\/uploads\/2015\/04\/huehner_hand_hunde___.jpg 1024w, https:\/\/mensch-tier-gemeinsam.de\/htdocs\/wp-content\/uploads\/2015\/04\/huehner_hand_hunde___-624x415.jpg 624w\" sizes=\"auto, (max-width: 300px) 100vw, 300px\" \/><\/a><p id=\"caption-attachment-514\" class=\"wp-caption-text\">Hahn Schumann und Henne Elli fressen. H\u00fcndin Daria beschwichtigt zum Hahn. H\u00fcndin Ronja versucht k\u00f6rperlich, meine Aufmerksamkeit zu bekommen.<\/p><\/div>\n<\/div>\n<\/div>\n<\/div>\n<\/div>\n<\/div>\n<div class=\"csColumnGap\" style=\"margin: 0px; padding: 0px; float: left; width: 1.15%;\"><img decoding=\"async\" src=\"http:\/\/mensch-tier-gemeinsam.de\/htdocs\/wp-content\/plugins\/advanced-wp-columns\/assets\/js\/plugins\/views\/img\/1x1-pixel.png\" alt=\"\" \/><\/div>\n<div class=\"csColumn\" style=\"margin: 0px; padding: 0px; float: left; width: 20.7%;\" data-csid=\"a1e9fb1d-fd68-a5ff-ad1a-17fd00dfc73f\" data-cswidth=\"20.7%\" data-csendpoint=\"945\" data-csstartpoint=\"746\">\n<p>Die h\u00e4ufigsten Gr\u00fcnde, wegen derer meine Beratung in Anspruch genommen wird, sind<\/p>\n<p>&#8211; <span style=\"font-size: 14px; font-weight: bold;\">Aggressionen von H\u00e4hnen<\/span>,<\/p>\n<p>&#8211; &#8222;wildes&#8220; <span style=\"font-size: 14px; font-weight: bold;\">Gluckenverhalten<\/span>,<\/p>\n<p>&#8211; <span style=\"font-size: 14px; font-weight: bold;\">\u00e4ngstliche H\u00fchner(k\u00fcken)<\/span>, die gez\u00e4hmt werden sollen.<\/p>\n<\/div>\n<div class=\"csColumnGap\" style=\"margin: 0px; padding: 0px; float: left; width: 1.56%;\"><img decoding=\"async\" src=\"http:\/\/mensch-tier-gemeinsam.de\/htdocs\/wp-content\/plugins\/advanced-wp-columns\/assets\/js\/plugins\/views\/img\/1x1-pixel.png\" alt=\"\" \/><\/div>\n<div style=\"clear: both; float: none; display: block; visibility: hidden; width: 0px; font-size: 0px; line-height: 0;\"><\/div>\n<\/div>\n<p>&nbsp;<\/p>\n","protected":false},"excerpt":{"rendered":"<p>Etwas Pers\u00f6nliches Etwas Provokantes Beim Schreiben der Texte f\u00fcr die anderen Seiten hatte ich mitunter M\u00fche, mir genug einfallen zu lassen. Bei dieser Seite musste ich mich ausbremsen, um Sie nicht mit unendlich viel Text zu erschlagen. Es sind die Nutztiere, f\u00fcr die ich so gern das Wort ergreife. Ob Legehenne oder Schlachtente, sie haben [&hellip;]<\/p>\n","protected":false},"author":1,"featured_media":0,"parent":129,"menu_order":1,"comment_status":"closed","ping_status":"open","template":"","meta":{"footnotes":""},"class_list":["post-133","page","type-page","status-publish","hentry"],"_links":{"self":[{"href":"https:\/\/mensch-tier-gemeinsam.de\/htdocs\/wp-json\/wp\/v2\/pages\/133","targetHints":{"allow":["GET"]}}],"collection":[{"href":"https:\/\/mensch-tier-gemeinsam.de\/htdocs\/wp-json\/wp\/v2\/pages"}],"about":[{"href":"https:\/\/mensch-tier-gemeinsam.de\/htdocs\/wp-json\/wp\/v2\/types\/page"}],"author":[{"embeddable":true,"href":"https:\/\/mensch-tier-gemeinsam.de\/htdocs\/wp-json\/wp\/v2\/users\/1"}],"replies":[{"embeddable":true,"href":"https:\/\/mensch-tier-gemeinsam.de\/htdocs\/wp-json\/wp\/v2\/comments?post=133"}],"version-history":[{"count":3,"href":"https:\/\/mensch-tier-gemeinsam.de\/htdocs\/wp-json\/wp\/v2\/pages\/133\/revisions"}],"predecessor-version":[{"id":521,"href":"https:\/\/mensch-tier-gemeinsam.de\/htdocs\/wp-json\/wp\/v2\/pages\/133\/revisions\/521"}],"up":[{"embeddable":true,"href":"https:\/\/mensch-tier-gemeinsam.de\/htdocs\/wp-json\/wp\/v2\/pages\/129"}],"wp:attachment":[{"href":"https:\/\/mensch-tier-gemeinsam.de\/htdocs\/wp-json\/wp\/v2\/media?parent=133"}],"curies":[{"name":"wp","href":"https:\/\/api.w.org\/{rel}","templated":true}]}}

Individuelle Beratungen für Hühnerhalter

<div class="csRow">
<div class="csColumnGap" style="margin: 0px; padding: 0px; float: left; width: 1.56%;"><img decoding="async" src="http://mensch-tier-gemeinsam.de/htdocs/wp-content/plugins/advanced-wp-columns/assets/js/plugins/views/img/1x1-pixel.png" alt="" /></div>
<div class="csColumn" style="margin: 0px; padding: 0px; float: left; width: 20.7%;" data-csid="37a25f0e-1a25-bf2a-9b8c-a55352033551" data-cswidth="20.7%" data-csendpoint="214" data-csstartpoint="15">
<p><span style="font-weight: bold; font-size: 16px;">Etwas Persönliches Etwas Provokantes</span></p>
<p>Beim Schreiben der Texte für die anderen Seiten hatte ich mitunter Mühe, mir genug einfallen zu lassen. Bei dieser Seite musste ich mich ausbremsen, um Sie nicht mit unendlich viel Text zu erschlagen. Es sind die Nutztiere, für die ich so gern das Wort ergreife. Ob Legehenne oder Schlachtente, sie haben interessante, liebenswerte Persönlichkeiten und Bedürfnisse, die unsere Achtung verdienen. Auch ihnen steht ein angenehmes Leben zu. Und wo ist der Unterschied? Pferde, Katzen und vor allem Hunde nutzen wir, um unsere emotionalen Bedürfnisse zu befriedigen. So gesehen ist ein Huhn ebenso ein Nutztier wie ein Hund und verdient folglich ebenso unsere Aufmerksamkeit und Achtung wie ein Hund. Oder?</p>
</div>
<div class="csColumnGap" style="margin: 0px; padding: 0px; float: left; width: 1.15%;"><img decoding="async" src="http://mensch-tier-gemeinsam.de/htdocs/wp-content/plugins/advanced-wp-columns/assets/js/plugins/views/img/1x1-pixel.png" alt="" /></div>
<div class="csColumn" style="margin: 0px; padding: 0px; float: left; width: 53.1%;" data-csid="275f9614-a256-5f68-a346-b868241c05a7" data-cswidth="53.1%" data-csendpoint="735" data-csstartpoint="225">
<div id="content-content">
<div id="content-content-inner" class="container-content-inner">
<div id="widget-67ccfb96-3552-4d9b-8aa2-97b8269ae0fc" class="widget widget-text">
<div class="widget-content">
<h1 style="text-align: center;">Individuelle Beratungen für Hühnerhalter</h1>
<p>&nbsp;</p>
<p><span style="font-size: 13px; font-weight: bold;">Nutztiere wie Hühner</span> haben, sofern die Unterbringung annähernd artgerecht ist, eine gesunde Psyche und ein gesundes Sozialverhalten. In der Regel haben die privaten Hühnerhalter einen Stall mit Hühnerhof für ihre Tiere und lassen die Hühner Hühner sein. Tritt hier unerwünschtes Verhalten auf, handelt es sich normalerweise um <span style="font-size: 14px; font-weight: bold;">natürliche Reaktionen der Hühner</span> auf das aus Hühnersicht äußerst merkwürdige oder widersprüchliche Verhalten des Menschen. Es betrifft meist nur wenige einzelne Verhaltensweisen, so dass es sich sehr einfach ändern lässt. Nur bei schlechten Unterbringungsbedingungen oder wenn die Hühner in der Prägephase engen Menschenkontakt hatten, vor allem bei Tieren aus Handaufzucht, kommt es häufig zu Verhaltensauffälligkeiten bzw. -störungen. Je enger der Kontakt zwischen Mensch und Tier von der Prägephase bis zum erwachsen Werden ist, umso länger ist der Weg zum gesunden Sozialverhalten.</p>
<p>Ein typisches <span style="font-size: 14px; font-weight: bold;">Wechselspiel zwischen Mensch und Tier </span>aufgrund körpersprachlicher Kommunikation:</p>
<p><img loading="lazy" decoding="async" id="mce-3099" style="float: left; margin-right: 20px;" title="Mein Hahn &quot;Schumann&quot; ist aufmerksam. " src="../../../../../../../../attachments/Image/schumann_aufmerksam_kompr.jpg?template=generic&amp;header=headers1&amp;button=buttons1" alt="Mein Hahn &quot;Schumann&quot; ist aufmerksam. " width="298" height="300" /></p>
<p><img loading="lazy" decoding="async" id="mce-3162" style="float: left; margin-right: 20px;" title="Schumann zeigt Dominanz gegenüber dem Fotografen. " src="../../../../../../../../attachments/Image/schumann_dominant_kompr.jpg?template=generic&amp;header=headers1&amp;button=buttons1" alt="Schumann zeigt Dominanz gegenüber dem Fotografen. " width="269" height="295" />Links ist der stehende Fotograf größer. Schumann ist interessiert, aufmerksam. Sein Kopf ist vor seiner Brust. Rechts hat sich der Fotograf klein gemacht, erniedrigt. Schumann präsentiert sich dominant gegenüber dem Fotografen. Kopf über der Brust, eher etwas dahinter. Dadurch wirkt die Brust größer und Schumann insgesamt kräftiger. Beide Fotos wurden innerhalb weniger Minuten aufgenommen.</p>
<p>&nbsp;</p>
<p><span style="font-size: 14px; font-weight: bold;">Wir Menschen finden</span> unser Verhalten völlig normal und es ist doch total selbstverständlich, dass wir dieses oder jenes meinen und erwarten. Für die Hühner ist aus deren Sicht ebenso selbstverständlich, dass wir keine Entscheidungsrechte im Hühnerhof haben, nachdem wir zuvor monatelang wie ein unsicherer Besucher* den Hühnerhof betreten haben. In diesem Revier hat derjenige Entscheidungsgewalt, der sich wie ein <span style="font-size: 14px; font-weight: bold;">verantwortungsvoller Entscheidungsträger </span>verhält und präsentiert. Das ranghöchste Tier in der Hühnerherde ist üblicherweise ein Hahn. Es kann auch die ranghöchste Henne sein &#8211; oder der Mensch. Meistens sind es relativ natürliche Situationen, in denen das Revierverhalten, die Rangordnung und die Aufgabenverteilung bedeutsam sind.</p>
<p>*: Auch aggressives menschliches Verhalten wird von Tieren häufig als unsicher gedeutet.</p>
<p>Aber es gibt auch andere Situationen, die man als Mensch für alle angenehm gestalten kann. Ich selbst habe meinem Hahn beispielsweise körpersprachlich mitgeteilt, dass er einen zweiten Hahn dulden soll. An einem meiner Junghähne hing ich so sehr, dass ich ihn weder verkaufen noch schlachten lassen mochte. Also habe ich jetzt Schumann (älterer Hahn) und Brahms (jüngerer Hahn), die alle Klaras (Hennen) lieben. Schumann ist psychisch gesund und stabil und hat sich mit der unnatürlichen Situation, dass es zwei Hähne gibt, abgefunden. Ebenso greife ich ein und reguliere zwischen meinen Hühnern und Enten sowie zwischen meinem Geflügel und meinen Hunden. Diese Form des Zusammenlebens ist <span style="font-size: 14px; font-weight: bold;">nicht arttypisch sondern unnatürlich</span>. Hier habe <span style="font-size: 14px; font-weight: bold;">ich als Mensch die Verantwortung</span> zu erkennen und einzugreifen, wenn eines der Tiere schädlich unterdrückt oder ausgegrenzt wird. Besonders unnatürlich ist es für meine Hunde, sich von Hundefutter zu ernähren anstatt meine Hühner, Enten und Kaninchen zu töten und zu fressen. Wir Menschen sind mit unseren Lebensvorstellungen und -formen wirklich eigenartig.</p>
<p><img loading="lazy" decoding="async" id="mce-789" style="margin-right: auto; display: block; margin-left: auto;" title="Hühner und Hunde friedlich zusammen" src="../../../../../../../../attachments/Image/frei_verteilt_kompr.jpg?template=generic&amp;header=headers1&amp;button=buttons1" alt="Hühner und Hunde friedlich zusammen" width="700" height="486" /></p>
<p>Foto oben: Die Hunde Pixel, Ronja und Daria beim Geflügel. Ronja will Daria imponieren. Der schwarz-weißen Ente hinten rechts ist es zu viel, sie möchte ihre Ruhe haben. Zu der Zeit war sie aufgrund ihrer schlechten Vergangenheit noch scheu. Schumann (hinten links) präsentiert sich in voller Größe und sieht zu Brahms (mitte rechts). Brahms war etwa in der Pubertät, wusste noch nicht so recht, was er mit Hennen anstellen sollte und wie er auf Schumanns offensives Imponierverhalten reagieren sollte.</p>
<p>Foto unten: etwa zwei Jahre später</p>
<div id="attachment_514" style="width: 310px" class="wp-caption alignleft"><a href="http://mensch-tier-gemeinsam.de/htdocs/wp-content/uploads/2015/04/huehner_hand_hunde___.jpg"><img loading="lazy" decoding="async" aria-describedby="caption-attachment-514" class="size-medium wp-image-514" src="http://mensch-tier-gemeinsam.de/htdocs/wp-content/uploads/2015/04/huehner_hand_hunde___-300x200.jpg" alt="Hahn Schumann und Henne Elli fressen. Hündin Daria beschwichtigt zum Hahn. Hündin Ronja versucht körperlich, meine Aufmerksamkeit zu bekommen. " width="300" height="200" srcset="https://mensch-tier-gemeinsam.de/htdocs/wp-content/uploads/2015/04/huehner_hand_hunde___-300x200.jpg 300w, https://mensch-tier-gemeinsam.de/htdocs/wp-content/uploads/2015/04/huehner_hand_hunde___.jpg 1024w, https://mensch-tier-gemeinsam.de/htdocs/wp-content/uploads/2015/04/huehner_hand_hunde___-624x415.jpg 624w" sizes="auto, (max-width: 300px) 100vw, 300px" /></a><p id="caption-attachment-514" class="wp-caption-text">Hahn Schumann und Henne Elli fressen. Hündin Daria beschwichtigt zum Hahn. Hündin Ronja versucht körperlich, meine Aufmerksamkeit zu bekommen.</p></div>
</div>
</div>
</div>
</div>
</div>
<div class="csColumnGap" style="margin: 0px; padding: 0px; float: left; width: 1.15%;"><img decoding="async" src="http://mensch-tier-gemeinsam.de/htdocs/wp-content/plugins/advanced-wp-columns/assets/js/plugins/views/img/1x1-pixel.png" alt="" /></div>
<div class="csColumn" style="margin: 0px; padding: 0px; float: left; width: 20.7%;" data-csid="a1e9fb1d-fd68-a5ff-ad1a-17fd00dfc73f" data-cswidth="20.7%" data-csendpoint="945" data-csstartpoint="746">
<p>Die häufigsten Gründe, wegen derer meine Beratung in Anspruch genommen wird, sind</p>
<p>&#8211; <span style="font-size: 14px; font-weight: bold;">Aggressionen von Hähnen</span>,</p>
<p>&#8211; &#8222;wildes&#8220; <span style="font-size: 14px; font-weight: bold;">Gluckenverhalten</span>,</p>
<p>&#8211; <span style="font-size: 14px; font-weight: bold;">ängstliche Hühner(küken)</span>, die gezähmt werden sollen.</p>
</div>
<div class="csColumnGap" style="margin: 0px; padding: 0px; float: left; width: 1.56%;"><img decoding="async" src="http://mensch-tier-gemeinsam.de/htdocs/wp-content/plugins/advanced-wp-columns/assets/js/plugins/views/img/1x1-pixel.png" alt="" /></div>
<div style="clear: both; float: none; display: block; visibility: hidden; width: 0px; font-size: 0px; line-height: 0;"></div>
</div>
<p>&nbsp;</p>

<p>Etwas Persönliches Etwas Provokantes Beim Schreiben der Texte für die anderen Seiten hatte ich mitunter Mühe, mir genug einfallen zu lassen. Bei dieser Seite musste ich mich ausbremsen, um Sie nicht mit unendlich viel Text zu erschlagen. Es sind die Nutztiere, für die ich so gern das Wort ergreife. Ob Legehenne oder Schlachtente, sie haben [&hellip;]</p>
