{"id":176,"date":"2015-03-19T22:40:13","date_gmt":"2015-03-19T22:40:13","guid":{"rendered":"http:\/\/mensch-tier-gemeinsam.de\/htdocs\/?page_id=176"},"modified":"2017-11-13T14:56:52","modified_gmt":"2017-11-13T14:56:52","slug":"gutscheine-fuer-tierhalter","status":"publish","type":"page","link":"https:\/\/mensch-tier-gemeinsam.de\/htdocs\/gutscheine\/gutscheine-fuer-tierhalter\/","title":{"rendered":"Gutscheine f\u00fcr Tierhalter"},"content":{"rendered":"<div class=\"csRow\">\n<div class=\"csColumn\" style=\"margin: 0px; padding: 0px; float: left; width: 21.1%;\" data-csid=\"c06d3630-936a-33cd-be47-066b43eaef9c\" data-cswidth=\"21.1%\" data-csendpoint=\"203\" data-csstartpoint=\"0\">\n<div id=\"column1-content\">\n<div id=\"column1-content-inner\" class=\"container-content-inner\">\n<div id=\"widget-8d466de1-7085-4b0c-af03-864d0cf1a4b3\" class=\"widget widget-text\">\n<div class=\"widget-content\">\n<p><img loading=\"lazy\" decoding=\"async\" id=\"mce-2206\" style=\"display: block; margin-left: auto; margin-right: auto;\" title=\"Gutschein f\u00fcr Erwachsene mit gro\u00dfem Hund, offen\" src=\"..\/..\/..\/..\/..\/..\/..\/..\/attachments\/Image\/hund_gross_kompr.jpg?template=generic&amp;header=headers1&amp;button=buttons1\" alt=\"Gutschein f\u00fcr Erwachsene mit gro\u00dfem Hund, offen\" width=\"180\" height=\"248\" \/><\/p>\n<p>Die Gutscheine enthalten ein kleines Pr\u00e4sent. In den Gutschein werden die Namen eingetragen.<\/p>\n<p><span style=\"color: #080707; font-size: 16px;\"><strong><span style=\"font-size: 14px; font-weight: bold;\">Der Farbton der Gutscheine ist gelblich-beige,<span style=\"font-weight: normal; font-size: 13px;\"> also heller und freundlicher als auf den Fotos.<\/span><\/span><\/strong><\/span><strong style=\"color: #c51616; font-size: 16px;\"><span style=\"font-size: 14px; font-weight: bold;\">\u00a0<\/span><\/strong><\/p>\n<p><span style=\"color: #c51616; font-size: 16px;\"><strong><img loading=\"lazy\" decoding=\"async\" id=\"mce-1626\" style=\"display: block; margin-left: auto; margin-right: auto;\" title=\"Gutschein f\u00fcr Erwachsene, geschlossen\" src=\"..\/..\/..\/..\/..\/..\/..\/..\/attachments\/Image\/gutschein_aussen_kompr.jpg?template=generic&amp;header=headers1&amp;button=buttons1\" alt=\"Gutschein f\u00fcr Erwachsene, geschlossen\" width=\"170\" height=\"68\" \/><\/strong><\/span><\/p>\n<p><span style=\"color: #c51616; font-size: 16px;\"><strong>\u00a0<\/strong><\/span><a class=\" link\" title=\"Gutschein, Details\" href=\"http:\/\/mensch-tier-gemeinsam.de\/htdocs\/?page_id=178\">mehr Fotos und Details<\/a><\/p>\n<\/div>\n<\/div>\n<\/div>\n<\/div>\n<\/div>\n<div class=\"csColumnGap\" style=\"margin: 0px; padding: 0px; float: left; width: 1.25%;\"><img decoding=\"async\" src=\"http:\/\/mensch-tier-gemeinsam.de\/htdocs\/wp-content\/plugins\/advanced-wp-columns\/assets\/js\/plugins\/views\/img\/1x1-pixel.png\" alt=\"\" \/><\/div>\n<div class=\"csColumn\" style=\"margin: 0px; padding: 0px; float: left; width: 53.8%;\" data-csid=\"ac42103f-7e6e-70bf-977e-af55e82c00d7\" data-cswidth=\"53.8%\" data-csendpoint=\"731\" data-csstartpoint=\"215\">\n<p><span style=\"color: #c51616; font-size: 16px;\"><strong>Ein sehr pers\u00f6nliches <\/strong><\/span><strong><span style=\"color: #c51616; font-size: 16px;\"><span style=\"font-size: 20px;\">Geschenk<\/span>:<\/span>\u00a0\u00a0\u00a0<\/strong><\/p>\n<p style=\"padding-left: 30px;\"><span style=\"font-size: 20px;\"><strong>Gutschein <\/strong><\/span><strong>\u00fcber eine<\/strong><strong>\u00a0<\/strong><\/p>\n<p style=\"padding-left: 90px;\"><span style=\"font-size: 20px;\"><strong><em>Individuelle Beratung <\/em><\/strong><\/span><span style=\"font-size: 13px;\"><strong><em>f\u00fcr<\/em><\/strong><\/span><\/p>\n<p style=\"padding-left: 120px;\"><span style=\"font-size: 20px;\"><strong><em>gelungene Verst\u00e4ndigung<\/em><\/strong><\/span><\/p>\n<p><span style=\"font-weight: bold;\"><strong>\u00a0<\/strong><\/span><\/p>\n<p><span style=\"font-weight: bold;\"><strong>f\u00fcr einen Erwachsenen oder \u00a0 \u00a0 \u00a0 \u00a0 \u00a0 \u00a0 \u00a0 \u00a0 \u00a0f\u00fcr ein Kind<\/strong><\/span><\/p>\n<p><span style=\"font-weight: bold;\"><strong><span style=\"color: #c51616; font-size: 16px;\"><strong><span style=\"font-weight: bold;\"><strong><span style=\"color: #c51616; font-size: 16px;\"><strong><span style=\"color: #c51616; font-size: 16px;\"><strong><img loading=\"lazy\" decoding=\"async\" id=\"mce-1698\" style=\"float: left; margin-right: 20px;\" title=\"Gutschein f\u00fcr Erwachsene, geschlossen\" src=\"..\/..\/..\/..\/..\/..\/..\/..\/attachments\/Image\/gutschein_schraeg_kompr.jpg?template=generic&amp;header=headers1&amp;button=buttons1\" alt=\"Gutschein f\u00fcr Erwachsene, geschlossen\" width=\"220\" height=\"131\" \/><span style=\"color: #c51616; font-size: 16px;\"><strong><img loading=\"lazy\" decoding=\"async\" id=\"mce-1842\" style=\"float: left; margin-right: 10px;\" title=\"Gutschein f\u00fcr Kind mit Hund, geschlossen\" src=\"..\/..\/..\/..\/..\/..\/..\/..\/attachments\/Image\/kind_hund_aussen_kompr.jpg?template=generic&amp;header=headers1&amp;button=buttons1\" alt=\"Gutschein f\u00fcr Kind mit Hund, geschlossen\" width=\"218\" height=\"131\" \/><\/strong><\/span><\/strong><\/span><\/strong><\/span><\/strong><\/span><\/strong><\/span><\/strong><\/span><\/p>\n<p>&nbsp;<\/p>\n<p>&nbsp;<\/p>\n<p>&nbsp;<\/p>\n<p>&nbsp;<\/p>\n<p>&#8230; damit der Mensch sein Tier versteht und sich mit ihm verst\u00e4ndigen kann.<\/p>\n<p><span style=\"font-weight: bold; font-size: 14px;\">Tierarten<\/span>: Hunde, Kaninchen, Katzen. F\u00fcr H\u00fchnerhalter w\u00e4hlen Sie bitte den einfachen Geschenk-Gutschein, da es leider keine ansprechenden Geschenk-Artikel f\u00fcr H\u00fchner gibt. Weitere Tierarten ggf. auf Anfrage.<\/p>\n<p><span style=\"font-size: 14px; font-weight: bold;\">Bestellen<\/span> k\u00f6nnen Sie die Gutscheine per <a class=\" link\" title=\"Kontakt\/Impressum\" href=\"http:\/\/mensch-tier-gemeinsam.de\/htdocs\/?page_id=45\">Anruf oder e-Mail\u00a0<\/a>. Wenn Sie den Gutschein nicht abholen k\u00f6nnen oder m\u00f6chten, ist der\u00a0Versand per Post (zzgl. 2,50 \u20ac) m\u00f6glich: Gutschein an die beschenkte Person, Quittung an Sie oder beides an Sie.<\/p>\n<p>Der <span style=\"font-weight: bold; font-size: 14px;\">Preis<\/span> f\u00fcr einen\u00a0<span style=\"font-weight: normal;\">Gutschein<\/span>\u00a0\u00fcber eine<span style=\"font-size: 13px;\"> <span style=\"font-style: italic;\">Individuelle Beratung f\u00fcr gelungene Verst\u00e4ndigung <\/span>betr\u00e4gt\u00a04<\/span> \u20ac zzgl. zum Beratungshonorar in H\u00f6he von 45 \u20ac, also insgesamt 49 \u20ac.<span style=\"font-weight: normal;\">\u00a0Ggf. fallen Fahrkosten an.\u00a0<\/span><\/p>\n<p><a class=\" link\" title=\"Gutschein, Details\" href=\"http:\/\/mensch-tier-gemeinsam.de\/htdocs\/?page_id=178\">weitere Informationen hier<\/a><\/p>\n<p>Falls Sie einen besonderen Wunsch haben &#8211; bitte einfach fragen!<\/p>\n<\/div>\n<div class=\"csColumnGap\" style=\"margin: 0px; padding: 0px; float: left; width: 1.15%;\"><img decoding=\"async\" src=\"http:\/\/mensch-tier-gemeinsam.de\/htdocs\/wp-content\/plugins\/advanced-wp-columns\/assets\/js\/plugins\/views\/img\/1x1-pixel.png\" alt=\"\" \/><\/div>\n<div class=\"csColumn\" style=\"margin: 0px; padding: 0px; float: left; width: 21.1%;\" data-csid=\"bbf14064-eb02-e242-a787-0177d00f9362\" data-cswidth=\"21.1%\" data-csendpoint=\"945\" data-csstartpoint=\"742\">\n<div id=\"column2-content\">\n<div id=\"column2-content-inner\" class=\"container-content-inner\">\n<div id=\"widget-d1553ec0-31f7-4767-92ad-4f67d523d64a\" class=\"widget widget-text\">\n<div class=\"widget-content\">\n<p><strong>Zum Beispiel<\/strong>:\u00a0\u00a0\u00a0\u00a0\u00a0\u00a0\u00a0\u00a0\u00a0\u00a0\u00a0\u00a0\u00a0\u00a0\u00a0\u00a0\u00a0\u00a0\u00a0\u00a0 Sie m\u00f6chten <strong>einer Person etwas schenken, die bereits alles hat<\/strong>, unter anderem ein \u00fcber alles geliebtes Haustier. Die <em>individuelle Beratung f\u00fcr gelungene Verst\u00e4ndigung<\/em> erm\u00f6glicht, dass der Mensch sein Tier besser versteht. K\u00f6rpersprache und konkrete Verhaltensweisen des Tieres werden in die Menschen-Sprache \u00fcbersetzt und die Bedeutung erkl\u00e4rt.<\/p>\n<p><strong>Zum Beispiel<\/strong>:\u00a0\u00a0\u00a0\u00a0\u00a0\u00a0\u00a0\u00a0\u00a0\u00a0\u00a0\u00a0\u00a0\u00a0\u00a0\u00a0\u00a0\u00a0\u00a0\u00a0 <strong>Ein Kind bekommt ein Tier geschenkt<\/strong>. Die <em>individuelle Beratung f\u00fcr gelungene Verst\u00e4ndigung<\/em> f\u00f6rdert eine Kind-Tier-Beziehung mit beidseitiger Achtung. Das Kind lernt die Bed\u00fcrfnisse des Tieres nicht nur kennen sondern verstehen. Das Verst\u00e4ndnis stellt eine gute und wichtige Grundlage dar.<\/p>\n<\/div>\n<\/div>\n<\/div>\n<\/div>\n<\/div>\n<div class=\"csColumnGap\" style=\"margin: 0px; padding: 0px; float: left; width: 1.56%;\"><img decoding=\"async\" src=\"http:\/\/mensch-tier-gemeinsam.de\/htdocs\/wp-content\/plugins\/advanced-wp-columns\/assets\/js\/plugins\/views\/img\/1x1-pixel.png\" alt=\"\" \/><\/div>\n<div style=\"clear: both; float: none; display: block; visibility: hidden; width: 0px; font-size: 0px; line-height: 0;\"><\/div>\n<\/div>\n<p>&nbsp;<\/p>\n","protected":false},"excerpt":{"rendered":"<p>Die Gutscheine enthalten ein kleines Pr\u00e4sent. In den Gutschein werden die Namen eingetragen. Der Farbton der Gutscheine ist gelblich-beige, also heller und freundlicher als auf den Fotos.\u00a0 \u00a0mehr Fotos und Details Ein sehr pers\u00f6nliches Geschenk:\u00a0\u00a0\u00a0 Gutschein \u00fcber eine\u00a0 Individuelle Beratung f\u00fcr gelungene Verst\u00e4ndigung \u00a0 f\u00fcr einen Erwachsenen oder \u00a0 \u00a0 \u00a0 \u00a0 \u00a0 \u00a0 \u00a0 [&hellip;]<\/p>\n","protected":false},"author":1,"featured_media":0,"parent":47,"menu_order":1,"comment_status":"closed","ping_status":"open","template":"","meta":{"footnotes":""},"class_list":["post-176","page","type-page","status-publish","hentry"],"_links":{"self":[{"href":"https:\/\/mensch-tier-gemeinsam.de\/htdocs\/wp-json\/wp\/v2\/pages\/176","targetHints":{"allow":["GET"]}}],"collection":[{"href":"https:\/\/mensch-tier-gemeinsam.de\/htdocs\/wp-json\/wp\/v2\/pages"}],"about":[{"href":"https:\/\/mensch-tier-gemeinsam.de\/htdocs\/wp-json\/wp\/v2\/types\/page"}],"author":[{"embeddable":true,"href":"https:\/\/mensch-tier-gemeinsam.de\/htdocs\/wp-json\/wp\/v2\/users\/1"}],"replies":[{"embeddable":true,"href":"https:\/\/mensch-tier-gemeinsam.de\/htdocs\/wp-json\/wp\/v2\/comments?post=176"}],"version-history":[{"count":2,"href":"https:\/\/mensch-tier-gemeinsam.de\/htdocs\/wp-json\/wp\/v2\/pages\/176\/revisions"}],"predecessor-version":[{"id":264,"href":"https:\/\/mensch-tier-gemeinsam.de\/htdocs\/wp-json\/wp\/v2\/pages\/176\/revisions\/264"}],"up":[{"embeddable":true,"href":"https:\/\/mensch-tier-gemeinsam.de\/htdocs\/wp-json\/wp\/v2\/pages\/47"}],"wp:attachment":[{"href":"https:\/\/mensch-tier-gemeinsam.de\/htdocs\/wp-json\/wp\/v2\/media?parent=176"}],"curies":[{"name":"wp","href":"https:\/\/api.w.org\/{rel}","templated":true}]}}