{"id":214,"date":"2015-03-21T09:08:19","date_gmt":"2015-03-21T09:08:19","guid":{"rendered":"http:\/\/mensch-tier-gemeinsam.de\/htdocs\/?page_id=214"},"modified":"2015-12-21T12:58:13","modified_gmt":"2015-12-21T12:58:13","slug":"silvester-mit-einem-gelassenen-hund-verbringen","status":"publish","type":"page","link":"https:\/\/mensch-tier-gemeinsam.de\/htdocs\/fuer-tierhalter\/fuer-menschen-mit-hunden\/fuer-menschen-mit-hunden\/silvester-mit-einem-gelassenen-hund-verbringen\/","title":{"rendered":"Silvester mit einem gelassenen Hund verbringen"},"content":{"rendered":"<div class=\"csRow\">\n<div class=\"csColumnGap\" style=\"margin: 0px; padding: 0px; float: left; width: 1.56%;\"><img decoding=\"async\" src=\"http:\/\/mensch-tier-gemeinsam.de\/htdocs\/wp-content\/plugins\/advanced-wp-columns\/assets\/js\/plugins\/views\/img\/1x1-pixel.png\" alt=\"\" \/><\/div>\n<div class=\"csColumn\" style=\"margin: 0px; padding: 0px; float: left; width: 20.9%;\" data-csid=\"e96d73e0-21d5-0a89-9d2c-bccdfacd9767\" data-cswidth=\"20.9%\" data-csendpoint=\"216\" data-csstartpoint=\"15\">\n<div id=\"column1-content\">\n<div id=\"column1-content-inner\" class=\"container-content-inner\">\n<div id=\"widget-1c18c462-8b8d-49a0-91a4-bdf6cf06818d\" class=\"widget widget-text\">\n<div class=\"widget-content\"><\/div>\n<div class=\"widget-content\"><\/div>\n<div class=\"widget-content\"><\/div>\n<div class=\"widget-content\"><\/div>\n<div class=\"widget-content\">Sie m\u00f6chten lieber eine <span style=\"font-weight: bold; font-size: 16px; color: #5f25a2;\">Individuelle Beratung<\/span> f\u00fcr diese Situation?<a class=\" link\" title=\"Individuelle Beratung Sylvester mit \u2026\" href=\"http:\/\/mensch-tier-gemeinsam.de\/htdocs\/?page_id=69\"> Zur individuellen Beratung<\/a><\/div>\n<\/div>\n<\/div>\n<\/div>\n<\/div>\n<div class=\"csColumnGap\" style=\"margin: 0px; padding: 0px; float: left; width: 1.15%;\"><img decoding=\"async\" src=\"http:\/\/mensch-tier-gemeinsam.de\/htdocs\/wp-content\/plugins\/advanced-wp-columns\/assets\/js\/plugins\/views\/img\/1x1-pixel.png\" alt=\"\" \/><\/div>\n<ul>\n<li class=\"csColumn\" style=\"margin: 0px; padding: 0px; float: left; width: 52.8%;\" data-csid=\"49ce8433-86b9-5ece-99fb-7eb44e9a926e\" data-cswidth=\"52.8%\" data-csendpoint=\"734\" data-csstartpoint=\"227\">\n<p style=\"text-align: center;\"><span style=\"font-size: 16px;\"><span style=\"color: #5f25a2;\"><strong>Seminar<\/strong><\/span><strong>\u00a0<\/strong><\/span><\/p>\n<p><strong>\u00a0<\/strong> Viele Hunde sind beim Ger\u00e4usch und Anblick von Raketen und Knallern hochgradig gestresst. Durch Ver\u00e4nderungen in Ihrer <span style=\"font-weight: bold; font-size: 14px;\">K\u00f6rpersprache<\/span> und Ihrem <span style=\"font-size: 14px; font-weight: bold;\">Verhalten<\/span> k\u00f6nnen Sie Ihrem Hund Schutz und Sicherheit vermitteln. Entscheidend ist dabei, dass Ihr Hund genau das versteht, was Sie ihm mitteilen m\u00f6chten &#8211; und nichts anderes.\u00a0Darauf folgt Gelassenheit. Grunds\u00e4tzlich kann jeder Hund zu Silvester und bei Gewitter angstfrei sein. Inhalt:<\/p>\n<ul>\n<li>Instinktives, nat\u00fcrliches Verhalten<\/li>\n<li>Elemente, Strukturen und Positionen im Raum<\/li>\n<li>Was Sie auf gar keinen Fall tun sollten!<\/li>\n<li>Besch\u00fctzt f\u00fchlen kann man\/ Hund sich nur von einer starken und zuverl\u00e4ssigen Pers\u00f6nlichkeit. <span style=\"font-size: 14px; font-weight: bold;\">Verhaltensweisen, K\u00f6rperhaltung und \u2013sprache, mit denen Sie Ihrem Hund zeigen, dass Sie f\u00e4hig sind,<\/span> Ihr Rudel zu besch\u00fctzen.<\/li>\n<li>Wie Sie Ihrem Hund <span style=\"font-size: 14px; font-weight: bold;\">drinnen<\/span> ein sicheres Gef\u00fchl vermitteln k\u00f6nnen<\/li>\n<li>Wie Sie Ihrem Hund <span style=\"font-size: 14px; font-weight: bold;\">beim Spaziergang<\/span> ein sicheres Gef\u00fchl vermitteln k\u00f6nnen<\/li>\n<\/ul>\n<p>Zur Veranschaulichung und zum <span style=\"font-size: 14px; font-weight: bold;\">Ausprobieren<\/span> stehen ca. vier Hunde zur Verf\u00fcgung (nur diese Hunde). Die anwesenden Hunde gehen nur zu Menschen hin, wenn dies erw\u00fcnscht ist. Wer Angst vor fremden Hunden hat, ist ebenso willkommen wie alle anderen. Seminar mit praktischen Beispielen und \u00dcbungen<\/p>\n<p><strong>Zeit:<\/strong> <span style=\"font-size: 14px;\">9 \u2013 16 Uhr, danach bis ca. 17 Uhr Gelegenheit zum Austausch.<\/span><span style=\"font-weight: bold; font-size: 14px;\">\u00a0<\/span><span style=\"font-size: 14px;\">Es steht zur Zeit\u00a0kein Termin fest. Sie haben Interesse an diesem Seminar? Dann w\u00fcrde ich mich \u00fcber eine Nachricht oder einen Anruf von Ihnen freuen.<\/span><span style=\"color: #808080;\">\u00a0<\/span><br \/>\n<strong>Ort: <span style=\"font-weight: normal;\">Sanitzer Stra\u00dfe 19, 18190 Sanitz, OT<\/span> <\/strong>Reppelin;<br \/>\n<strong>Teilnahmegeb\u00fchr:<\/strong> 70 \u20ac pro Person (inkl. kleiner Verpflegung);<br \/>\n<strong>Teilnehmer:<\/strong> max. 8 Hundehalter, Hundepensionsbetreiber, Mitarbeiter von Tierarztpraxen, &#8230; (Teilnahmebest\u00e4tigung kann ausgestellt werden.)<\/li>\n<\/ul>\n<div class=\"csColumnGap\" style=\"margin: 0px; padding: 0px; float: left; width: 1.15%;\"><img decoding=\"async\" src=\"http:\/\/mensch-tier-gemeinsam.de\/htdocs\/wp-content\/plugins\/advanced-wp-columns\/assets\/js\/plugins\/views\/img\/1x1-pixel.png\" alt=\"\" \/><\/div>\n<div class=\"csColumn\" style=\"margin: 0px; padding: 0px; float: left; width: 20.8%;\" data-csid=\"167f1fa6-863f-8ddd-b948-ef98b716442b\" data-cswidth=\"20.8%\" data-csendpoint=\"945\" data-csstartpoint=\"745\">\n<div id=\"column2-content\">\n<div id=\"column2-content-inner\" class=\"container-content-inner\">\n<div id=\"widget-ce0cdfd8-1050-4adc-8064-f8e8ada8638d\" class=\"widget widget-text\">\n<div class=\"widget-content\"><\/div>\n<div class=\"widget-content\"><\/div>\n<div class=\"widget-content\"><\/div>\n<div class=\"widget-content\"><\/div>\n<div class=\"widget-content\"><span style=\"font-weight: bold; font-size: 14px;\">Mit \u00f6ffentlichen Verkehrsmitteln:<\/span> Die Seminarzeit ist so gew\u00e4hlt, dass Sie danach mit dem Bus nach Rostock oder mit dem Zug nach Hamburg oder Berlin fahren k\u00f6nnen. Am Morgen k\u00f6nnen Sie von Sanitz mitgenommen werden. <span style=\"font-weight: bold; font-size: 14px;\">\u00dcbernachtung<\/span>: Wenn Sie eine Unterkunft ben\u00f6tigen, bin ich gern bei der Vermittlung behilflich. <span style=\"font-weight: bold; font-size: 14px;\">Verpflegung<\/span>: W\u00e4hrend des Seminars stehen Ihnen Getr\u00e4nke und eine Kleinigkeit zu essen zur Verf\u00fcgung.<\/div>\n<\/div>\n<\/div>\n<\/div>\n<\/div>\n<div class=\"csColumnGap\" style=\"margin: 0px; padding: 0px; float: left; width: 1.56%;\"><img decoding=\"async\" src=\"http:\/\/mensch-tier-gemeinsam.de\/htdocs\/wp-content\/plugins\/advanced-wp-columns\/assets\/js\/plugins\/views\/img\/1x1-pixel.png\" alt=\"\" \/><\/div>\n<div style=\"clear: both; float: none; display: block; visibility: hidden; width: 0px; font-size: 0px; line-height: 0;\"><\/div>\n<\/div>\n<p>&nbsp;<\/p>\n","protected":false},"excerpt":{"rendered":"<p>Sie m\u00f6chten lieber eine Individuelle Beratung f\u00fcr diese Situation? Zur individuellen Beratung Seminar\u00a0 \u00a0 Viele Hunde sind beim Ger\u00e4usch und Anblick von Raketen und Knallern hochgradig gestresst. Durch Ver\u00e4nderungen in Ihrer K\u00f6rpersprache und Ihrem Verhalten k\u00f6nnen Sie Ihrem Hund Schutz und Sicherheit vermitteln. Entscheidend ist dabei, dass Ihr Hund genau das versteht, was Sie ihm [&hellip;]<\/p>\n","protected":false},"author":1,"featured_media":0,"parent":59,"menu_order":0,"comment_status":"closed","ping_status":"closed","template":"","meta":{"footnotes":""},"class_list":["post-214","page","type-page","status-publish","hentry"],"_links":{"self":[{"href":"https:\/\/mensch-tier-gemeinsam.de\/htdocs\/wp-json\/wp\/v2\/pages\/214","targetHints":{"allow":["GET"]}}],"collection":[{"href":"https:\/\/mensch-tier-gemeinsam.de\/htdocs\/wp-json\/wp\/v2\/pages"}],"about":[{"href":"https:\/\/mensch-tier-gemeinsam.de\/htdocs\/wp-json\/wp\/v2\/types\/page"}],"author":[{"embeddable":true,"href":"https:\/\/mensch-tier-gemeinsam.de\/htdocs\/wp-json\/wp\/v2\/users\/1"}],"replies":[{"embeddable":true,"href":"https:\/\/mensch-tier-gemeinsam.de\/htdocs\/wp-json\/wp\/v2\/comments?post=214"}],"version-history":[{"count":8,"href":"https:\/\/mensch-tier-gemeinsam.de\/htdocs\/wp-json\/wp\/v2\/pages\/214\/revisions"}],"predecessor-version":[{"id":994,"href":"https:\/\/mensch-tier-gemeinsam.de\/htdocs\/wp-json\/wp\/v2\/pages\/214\/revisions\/994"}],"up":[{"embeddable":true,"href":"https:\/\/mensch-tier-gemeinsam.de\/htdocs\/wp-json\/wp\/v2\/pages\/59"}],"wp:attachment":[{"href":"https:\/\/mensch-tier-gemeinsam.de\/htdocs\/wp-json\/wp\/v2\/media?parent=214"}],"curies":[{"name":"wp","href":"https:\/\/api.w.org\/{rel}","templated":true}]}}