{"id":27,"date":"2015-03-18T23:02:56","date_gmt":"2015-03-18T23:02:56","guid":{"rendered":"http:\/\/mensch-tier-gemeinsam.de\/htdocs\/?page_id=27"},"modified":"2021-02-10T11:09:34","modified_gmt":"2021-02-10T11:09:34","slug":"daria","status":"publish","type":"page","link":"https:\/\/mensch-tier-gemeinsam.de\/htdocs\/ueber-uns\/daria\/","title":{"rendered":"Daria"},"content":{"rendered":"<div class=\"csRow\">\n<div class=\"csColumnGap\" style=\"margin: 0px; padding: 0px; float: left; width: 1.56%;\"><img decoding=\"async\" src=\"http:\/\/mensch-tier-gemeinsam.de\/htdocs\/wp-content\/plugins\/advanced-wp-columns\/assets\/js\/plugins\/views\/img\/1x1-pixel.png\" alt=\"\" \/><\/div>\n<div class=\"csColumn\" style=\"margin: 0px; padding: 0px; float: left; width: 20.8%;\" data-csid=\"5109b8aa-9ffa-522d-89ed-601d052f101c\" data-cswidth=\"20.8%\" data-csendpoint=\"215\" data-csstartpoint=\"15\">\n<div id=\"column1-content\">\n<div id=\"column1-content-inner\" class=\"container-content-inner\">\n<div id=\"widget-c1409554-40e4-5797-ee39-8b9eb0fb6e17\" class=\"widget widget-text\">\n<div class=\"widget-content\">\n<p><span style=\"font-size: 16px; font-weight: bold;\">Daria<\/span><\/p>\n<p>geb. ca. 2005<\/p>\n<p>gestorben 2020,<\/p>\n<p><a href=\"http:\/\/mensch-tier-gemeinsam.de\/htdocs\/ueber-uns\/daria\/in-gedenken-an-daria\/\">in Gedenken an Daria<\/a><\/p>\n<p>Vorlieben:<\/p>\n<p>&#8211; Frauchens Liebling sein<\/p>\n<p>&#8211; beobachten, ob sich auch wirklich jeder an die Regeln h\u00e4lt<\/p>\n<p>&#8211; Auto fahren<\/p>\n<p>&#8211; Katzen heimlich das Futter klauen<\/p>\n<p>&#8211; genie\u00dfen<\/p>\n<\/div>\n<\/div>\n<\/div>\n<\/div>\n<\/div>\n<div class=\"csColumnGap\" style=\"margin: 0px; padding: 0px; float: left; width: 1.15%;\"><img decoding=\"async\" src=\"http:\/\/mensch-tier-gemeinsam.de\/htdocs\/wp-content\/plugins\/advanced-wp-columns\/assets\/js\/plugins\/views\/img\/1x1-pixel.png\" alt=\"\" \/><\/div>\n<div class=\"csColumn\" style=\"margin: 0px; padding: 0px; float: left; width: 52.7%;\" data-csid=\"a5babd55-5c4d-7f05-ad6c-78b4a0762ad3\" data-cswidth=\"52.7%\" data-csendpoint=\"732\" data-csstartpoint=\"226\">\n<div id=\"content-content\">\n<div id=\"content-content-inner\" class=\"container-content-inner\">\n<div id=\"widget-ce1aebd9-d27a-1200-fcc8-bca0034dab4c\" class=\"widget widget-text\">\n<div class=\"widget-content\">\n<p><img loading=\"lazy\" decoding=\"async\" id=\"mce-4110\" style=\"display: block; margin-left: auto; margin-right: auto;\" title=\"Entspannung: alle Viere von sich strecken.\" src=\"..\/..\/..\/..\/..\/..\/..\/..\/attachments\/Image\/100_0304_kompr.jpg?template=generic&amp;header=headers1&amp;button=buttons1\" alt=\"Entspannung: alle Viere von sich strecken.\" width=\"350\" height=\"263\" \/><\/p>\n<p style=\"text-align: center;\"><span style=\"font-size: 8px;\">\u00a0<\/span><\/p>\n<p style=\"text-align: center;\"><img loading=\"lazy\" decoding=\"async\" id=\"mce-3861\" style=\"margin-right: 20px;\" title=\"Ich wei\u00df nicht so recht. Kann ich dem Menschen vertrauen oder nicht?\" src=\"..\/..\/..\/..\/..\/..\/..\/..\/attachments\/Image\/daria_portrait_kompr.jpg?template=generic&amp;header=headers1&amp;button=buttons1\" alt=\"Ich wei\u00df nicht so recht. Kann ich dem Menschen vertrauen oder nicht?\" width=\"250\" height=\"304\" \/><\/p>\n<p><img loading=\"lazy\" decoding=\"async\" id=\"mce-4759\" style=\"display: block; margin-left: auto; margin-right: auto;\" title=\"beidseitiges Vertrauen\" src=\"..\/..\/..\/..\/..\/..\/..\/..\/attachments\/Image\/DSCF0842_kompr.jpg?template=generic&amp;header=headers1&amp;button=buttons1\" alt=\"beidseitiges Vertrauen\" width=\"400\" height=\"298\" \/><\/p>\n<p><img loading=\"lazy\" decoding=\"async\" id=\"mce-4283\" style=\"display: block; margin-left: auto; margin-right: auto;\" title=\"Wetten, dass ich die Schnellste bin?\" src=\"..\/..\/..\/..\/..\/..\/..\/..\/attachments\/Image\/IMG_0317_kompr.jpg?template=generic&amp;header=headers1&amp;button=buttons1\" alt=\"Wetten, dass ich die Schnellste bin?\" width=\"301\" height=\"291\" \/><\/p>\n<\/div>\n<\/div>\n<\/div>\n<\/div>\n<p><img decoding=\"async\" id=\"footer-background-image\" class=\"background-image\" src=\"..\/..\/..\/..\/..\/..\/..\/..\/images\/background-none.png?template=generic&amp;header=headers1&amp;button=buttons1&amp;.png\" alt=\"\" \/> \u00a9 ab 2011. Alessa Knoop-L\u00fcbke. Alle Rechte vorbehalten.<\/p>\n<\/div>\n<div class=\"csColumnGap\" style=\"margin: 0px; padding: 0px; float: left; width: 1.25%;\"><img decoding=\"async\" src=\"http:\/\/mensch-tier-gemeinsam.de\/htdocs\/wp-content\/plugins\/advanced-wp-columns\/assets\/js\/plugins\/views\/img\/1x1-pixel.png\" alt=\"\" \/><\/div>\n<div class=\"csColumn\" style=\"margin: 0px; padding: 0px; float: left; width: 20.9%;\" data-csid=\"0d163ae6-59ed-12c1-bf51-8e8e10bd495d\" data-cswidth=\"20.9%\" data-csendpoint=\"945\" data-csstartpoint=\"744\">\n<div id=\"column2-content\">\n<div id=\"column2-content-inner\" class=\"container-content-inner\">\n<div id=\"widget-f8998edd-f6e8-6641-f3c4-72a9cd37c8c8\" class=\"widget widget-text\">\n<div class=\"widget-content\">\n<p>St\u00e4rken:<\/p>\n<p>Daria ist k\u00f6rperlich sehr feinf\u00fchlig sowie anderen Lebewesen gegen\u00fcber anfangs unsicher. Ann\u00e4herungen finden langsam und vorsichtig statt.\u00a0Vermutlich sind dies die Gr\u00fcnde daf\u00fcr, dass\u00a0 \u00e4ngstliche \/ unsichere\u00a0Menschen und\u00a0Tiere sich\u00a0h\u00e4ufig\u00a0in Darias N\u00e4he\u00a0wohler f\u00fchlen als bei anderen Hunden.\u00a0Anders als bei Pixel bekommt man von Daria Respekt geschenkt. Ihr Vertrauen muss man sich erarbeiten.<\/p>\n<p>Allerdings kann sie auch ganz anders sein. Da sie ihr erstes Lebensjahr im Hunderudel anscheinend ohne direkten Menschenkontakt verbrachte, verhielt sie sich anfangs\u00a0\u00e4hnlich wie ein Wildtier.\u00a0Daria hat mich in\u00a0unseren ersten beiden gemeinsamen Jahren immer wieder herausgefordert. Sie war mein ehrlichster und bester Lehrmeister. Nachdem sie mich ausreichend &#8222;geschult&#8220; hatte, konnte ich ihr unsere Menschen-Welt n\u00e4herbringen.<\/p>\n<p>Daria spiegelt das Verhalten anderer noch feiner als Pixel.<\/p>\n<\/div>\n<\/div>\n<\/div>\n<\/div>\n<\/div>\n<div class=\"csColumnGap\" style=\"margin: 0px; padding: 0px; float: left; width: 1.56%;\"><img decoding=\"async\" src=\"http:\/\/mensch-tier-gemeinsam.de\/htdocs\/wp-content\/plugins\/advanced-wp-columns\/assets\/js\/plugins\/views\/img\/1x1-pixel.png\" alt=\"\" \/><\/div>\n<div style=\"clear: both; float: none; display: block; visibility: hidden; width: 0px; font-size: 0px; line-height: 0;\"><\/div>\n<\/div>\n","protected":false},"excerpt":{"rendered":"<p>Daria geb. ca. 2005 gestorben 2020, in Gedenken an Daria Vorlieben: &#8211; Frauchens Liebling sein &#8211; beobachten, ob sich auch wirklich jeder an die Regeln h\u00e4lt &#8211; Auto fahren &#8211; Katzen heimlich das Futter klauen &#8211; genie\u00dfen \u00a0 \u00a9 ab 2011. Alessa Knoop-L\u00fcbke. Alle Rechte vorbehalten. St\u00e4rken: Daria ist k\u00f6rperlich sehr feinf\u00fchlig sowie anderen Lebewesen [&hellip;]<\/p>\n","protected":false},"author":1,"featured_media":0,"parent":8,"menu_order":6,"comment_status":"closed","ping_status":"closed","template":"","meta":{"footnotes":""},"class_list":["post-27","page","type-page","status-publish","hentry"],"_links":{"self":[{"href":"https:\/\/mensch-tier-gemeinsam.de\/htdocs\/wp-json\/wp\/v2\/pages\/27","targetHints":{"allow":["GET"]}}],"collection":[{"href":"https:\/\/mensch-tier-gemeinsam.de\/htdocs\/wp-json\/wp\/v2\/pages"}],"about":[{"href":"https:\/\/mensch-tier-gemeinsam.de\/htdocs\/wp-json\/wp\/v2\/types\/page"}],"author":[{"embeddable":true,"href":"https:\/\/mensch-tier-gemeinsam.de\/htdocs\/wp-json\/wp\/v2\/users\/1"}],"replies":[{"embeddable":true,"href":"https:\/\/mensch-tier-gemeinsam.de\/htdocs\/wp-json\/wp\/v2\/comments?post=27"}],"version-history":[{"count":6,"href":"https:\/\/mensch-tier-gemeinsam.de\/htdocs\/wp-json\/wp\/v2\/pages\/27\/revisions"}],"predecessor-version":[{"id":3045,"href":"https:\/\/mensch-tier-gemeinsam.de\/htdocs\/wp-json\/wp\/v2\/pages\/27\/revisions\/3045"}],"up":[{"embeddable":true,"href":"https:\/\/mensch-tier-gemeinsam.de\/htdocs\/wp-json\/wp\/v2\/pages\/8"}],"wp:attachment":[{"href":"https:\/\/mensch-tier-gemeinsam.de\/htdocs\/wp-json\/wp\/v2\/media?parent=27"}],"curies":[{"name":"wp","href":"https:\/\/api.w.org\/{rel}","templated":true}]}}

<div class="csRow">
<div class="csColumnGap" style="margin: 0px; padding: 0px; float: left; width: 1.56%;"><img decoding="async" src="http://mensch-tier-gemeinsam.de/htdocs/wp-content/plugins/advanced-wp-columns/assets/js/plugins/views/img/1x1-pixel.png" alt="" /></div>
<div class="csColumn" style="margin: 0px; padding: 0px; float: left; width: 20.8%;" data-csid="5109b8aa-9ffa-522d-89ed-601d052f101c" data-cswidth="20.8%" data-csendpoint="215" data-csstartpoint="15">
<div id="column1-content">
<div id="column1-content-inner" class="container-content-inner">
<div id="widget-c1409554-40e4-5797-ee39-8b9eb0fb6e17" class="widget widget-text">
<div class="widget-content">
<p><span style="font-size: 16px; font-weight: bold;">Daria</span></p>
<p>geb. ca. 2005</p>
<p>gestorben 2020,</p>
<p><a href="http://mensch-tier-gemeinsam.de/htdocs/ueber-uns/daria/in-gedenken-an-daria/">in Gedenken an Daria</a></p>
<p>Vorlieben:</p>
<p>&#8211; Frauchens Liebling sein</p>
<p>&#8211; beobachten, ob sich auch wirklich jeder an die Regeln hält</p>
<p>&#8211; Auto fahren</p>
<p>&#8211; Katzen heimlich das Futter klauen</p>
<p>&#8211; genießen</p>
</div>
</div>
</div>
</div>
</div>
<div class="csColumnGap" style="margin: 0px; padding: 0px; float: left; width: 1.15%;"><img decoding="async" src="http://mensch-tier-gemeinsam.de/htdocs/wp-content/plugins/advanced-wp-columns/assets/js/plugins/views/img/1x1-pixel.png" alt="" /></div>
<div class="csColumn" style="margin: 0px; padding: 0px; float: left; width: 52.7%;" data-csid="a5babd55-5c4d-7f05-ad6c-78b4a0762ad3" data-cswidth="52.7%" data-csendpoint="732" data-csstartpoint="226">
<div id="content-content">
<div id="content-content-inner" class="container-content-inner">
<div id="widget-ce1aebd9-d27a-1200-fcc8-bca0034dab4c" class="widget widget-text">
<div class="widget-content">
<p><img loading="lazy" decoding="async" id="mce-4110" style="display: block; margin-left: auto; margin-right: auto;" title="Entspannung: alle Viere von sich strecken." src="../../../../../../../../attachments/Image/100_0304_kompr.jpg?template=generic&amp;header=headers1&amp;button=buttons1" alt="Entspannung: alle Viere von sich strecken." width="350" height="263" /></p>
<p style="text-align: center;"><span style="font-size: 8px;"> </span></p>
<p style="text-align: center;"><img loading="lazy" decoding="async" id="mce-3861" style="margin-right: 20px;" title="Ich weiß nicht so recht. Kann ich dem Menschen vertrauen oder nicht?" src="../../../../../../../../attachments/Image/daria_portrait_kompr.jpg?template=generic&amp;header=headers1&amp;button=buttons1" alt="Ich weiß nicht so recht. Kann ich dem Menschen vertrauen oder nicht?" width="250" height="304" /></p>
<p><img loading="lazy" decoding="async" id="mce-4759" style="display: block; margin-left: auto; margin-right: auto;" title="beidseitiges Vertrauen" src="../../../../../../../../attachments/Image/DSCF0842_kompr.jpg?template=generic&amp;header=headers1&amp;button=buttons1" alt="beidseitiges Vertrauen" width="400" height="298" /></p>
<p><img loading="lazy" decoding="async" id="mce-4283" style="display: block; margin-left: auto; margin-right: auto;" title="Wetten, dass ich die Schnellste bin?" src="../../../../../../../../attachments/Image/IMG_0317_kompr.jpg?template=generic&amp;header=headers1&amp;button=buttons1" alt="Wetten, dass ich die Schnellste bin?" width="301" height="291" /></p>
</div>
</div>
</div>
</div>
<p><img decoding="async" id="footer-background-image" class="background-image" src="../../../../../../../../images/background-none.png?template=generic&amp;header=headers1&amp;button=buttons1&amp;.png" alt="" /> © ab 2011. Alessa Knoop-Lübke. Alle Rechte vorbehalten.</p>
</div>
<div class="csColumnGap" style="margin: 0px; padding: 0px; float: left; width: 1.25%;"><img decoding="async" src="http://mensch-tier-gemeinsam.de/htdocs/wp-content/plugins/advanced-wp-columns/assets/js/plugins/views/img/1x1-pixel.png" alt="" /></div>
<div class="csColumn" style="margin: 0px; padding: 0px; float: left; width: 20.9%;" data-csid="0d163ae6-59ed-12c1-bf51-8e8e10bd495d" data-cswidth="20.9%" data-csendpoint="945" data-csstartpoint="744">
<div id="column2-content">
<div id="column2-content-inner" class="container-content-inner">
<div id="widget-f8998edd-f6e8-6641-f3c4-72a9cd37c8c8" class="widget widget-text">
<div class="widget-content">
<p>Stärken:</p>
<p>Daria ist körperlich sehr feinfühlig sowie anderen Lebewesen gegenüber anfangs unsicher. Annäherungen finden langsam und vorsichtig statt. Vermutlich sind dies die Gründe dafür, dass  ängstliche / unsichere Menschen und Tiere sich häufig in Darias Nähe wohler fühlen als bei anderen Hunden. Anders als bei Pixel bekommt man von Daria Respekt geschenkt. Ihr Vertrauen muss man sich erarbeiten.</p>
<p>Allerdings kann sie auch ganz anders sein. Da sie ihr erstes Lebensjahr im Hunderudel anscheinend ohne direkten Menschenkontakt verbrachte, verhielt sie sich anfangs ähnlich wie ein Wildtier. Daria hat mich in unseren ersten beiden gemeinsamen Jahren immer wieder herausgefordert. Sie war mein ehrlichster und bester Lehrmeister. Nachdem sie mich ausreichend &#8222;geschult&#8220; hatte, konnte ich ihr unsere Menschen-Welt näherbringen.</p>
<p>Daria spiegelt das Verhalten anderer noch feiner als Pixel.</p>
</div>
</div>
</div>
</div>
</div>
<div class="csColumnGap" style="margin: 0px; padding: 0px; float: left; width: 1.56%;"><img decoding="async" src="http://mensch-tier-gemeinsam.de/htdocs/wp-content/plugins/advanced-wp-columns/assets/js/plugins/views/img/1x1-pixel.png" alt="" /></div>
<div style="clear: both; float: none; display: block; visibility: hidden; width: 0px; font-size: 0px; line-height: 0;"></div>
</div>

<p>Daria geb. ca. 2005 gestorben 2020, in Gedenken an Daria Vorlieben: &#8211; Frauchens Liebling sein &#8211; beobachten, ob sich auch wirklich jeder an die Regeln hält &#8211; Auto fahren &#8211; Katzen heimlich das Futter klauen &#8211; genießen   © ab 2011. Alessa Knoop-Lübke. Alle Rechte vorbehalten. Stärken: Daria ist körperlich sehr feinfühlig sowie anderen Lebewesen [&hellip;]</p>
