{"id":43,"date":"2015-03-18T23:12:44","date_gmt":"2015-03-18T23:12:44","guid":{"rendered":"http:\/\/mensch-tier-gemeinsam.de\/htdocs\/?page_id=43"},"modified":"2020-07-23T22:56:41","modified_gmt":"2020-07-23T22:56:41","slug":"aelteres-sammelsurium-heiterer-fotos","status":"publish","type":"page","link":"https:\/\/mensch-tier-gemeinsam.de\/htdocs\/fotos-2\/aelteres-sammelsurium-heiterer-fotos\/","title":{"rendered":"\u00c4lteres Sammelsurium heiterer Fotos"},"content":{"rendered":"<div id=\"content-content\">\n<div id=\"content-content-inner\" class=\"container-content-inner\">\n<div id=\"widget-055aa1df-f50c-4bdf-9839-e74486937237\" class=\"widget widget-text\">\n<div class=\"widget-content\">\n<p><img loading=\"lazy\" decoding=\"async\" id=\"mce-724\" title=\"Oje, das hatte ich mir anders vorgestellt!\" src=\"http:\/\/mensch-tier-gemeinsam.de\/attachments\/Image\/IMG_7021__.jpg?template=generic&amp;header=headers1&amp;button=buttons1\" alt=\"Oje, das hatte ich mir anders vorgestellt!\" width=\"700\" height=\"450\" \/><\/p>\n<p>Meine allererste Kanu-Fahrt: Geplant war eine elegante Wendung. Tats\u00e4chlich waren wir pl\u00f6tzlich im Schilf. &#8230; denn ich wusste nicht, was ich tat. Vielleicht w\u00e4re es anders gekommen, wenn ich verstanden h\u00e4tte, was Julianes Arm mir sagen wollte. Diese k\u00f6rpersprachliche Aussage ist mir nach wie vor ein R\u00e4tsel.<\/p>\n<h1><img loading=\"lazy\" decoding=\"async\" id=\"mce-823\" title=\"Zum Gl\u00fcck lassen sich die Hunde weder von meinem Missgeschick noch von dem darauf folgenden Lachanfall ersch\u00fcttern.\" src=\"http:\/\/mensch-tier-gemeinsam.de\/attachments\/Image\/IMG_7032__.jpg?template=generic&amp;header=headers1&amp;button=buttons1\" alt=\"Zum Gl\u00fcck lassen sich die Hunde weder von meinem Missgeschick noch von dem darauf folgenden Lachanfall ersch\u00fcttern.\" width=\"700\" height=\"460\" \/><\/h1>\n<h1>Als wir wieder ordnungsgem\u00e4\u00df auf dem Wasser waren, bekam ich einen Lachanfall. Ich danke Lissy und Peppi f\u00fcr ihre unersch\u00fctterliche Geduld. Allerdings fehlte ihnen zum Hinlegen innere Ruhe bzw. Vertrauen in meine Fahrk\u00fcnste. Verst\u00e4ndlicherweise!<\/h1>\n<h1><\/h1>\n<h1>Enten,\u00a0Tauben, Hunde, Katzen &#8211; und\u00a0auch noch Menschen!<\/h1>\n<p><img loading=\"lazy\" decoding=\"async\" id=\"mce-797\" title=\"popelnder Erpel\" src=\"http:\/\/mensch-tier-gemeinsam.de\/attachments\/Image\/PA260052_kompr.jpg?template=generic&amp;header=headers1&amp;button=buttons1\" alt=\"popelnder Erpel\" width=\"336\" height=\"412\" \/><\/p>\n<p>Enten sind lustige Gesellen. Die F\u00fctterung der Jung-Enten ist ein freudiges Spektakel.<\/p>\n<p><img loading=\"lazy\" decoding=\"async\" id=\"mce-688\" title=\"Kopf-kuscheln ist so sch\u00f6n.\" src=\"http:\/\/mensch-tier-gemeinsam.de\/attachments\/Image\/DSCF1119_kompr.jpg?template=generic&amp;header=headers1&amp;button=buttons1\" alt=\"Kopf-kuscheln ist so sch\u00f6n.\" width=\"448\" height=\"312\" \/><\/p>\n<p>Kopf an Kopf an Kopf l\u00e4sst es sich wunderbar schmusen.<\/p>\n<p><img loading=\"lazy\" decoding=\"async\" id=\"mce-713\" title=\"Am Strand: Das Rudel ruht.\" src=\"http:\/\/mensch-tier-gemeinsam.de\/attachments\/Image\/hBild071_strand_kompr.jpg?template=generic&amp;header=headers1&amp;button=buttons1\" alt=\"Am Strand: Das Rudel ruht.\" width=\"448\" height=\"336\" \/><\/p>\n<p>Am Strand: Das Rudel ruht, ist jedoch nicht v\u00f6llig entspannt. Schlie\u00dflich gibt es am Hunde-Strand jede Menge fremde Lebewesen zu beobachten. Erst wenn\u00a0ihre Menschen das Aufpassen \u00fcbernehmen, legen die Hunde ihre K\u00f6pfe entspannt ab. Die Arbeitsteilung\u00a0innerhalb des Rudels ist daran zu erkennen, dass\u00a0sie\u00a0verschiedene Bereiche beobachten. Grundlage f\u00fcr die gut funktionierende Arbeitsteilung ist, dass sich die Hunde untereinander vertrauen und sich aufeinander verlassen.<\/p>\n<p><img loading=\"lazy\" decoding=\"async\" id=\"mce-960\" title=\"Chaos? Rangordnung? Kommunikation!\" src=\"http:\/\/mensch-tier-gemeinsam.de\/attachments\/Image\/DSCF1132_kompr_1.jpg?template=generic&amp;header=headers1&amp;button=buttons1\" alt=\"Chaos? Rangordnung? Kommunikation!\" width=\"363\" height=\"336\" \/><\/p>\n<p>Wildes Chaos, gut strukturierte Rangordnung oder was ist das hier? Das Foto enth\u00e4lt viele Informationen, die vier Lebewesen kommunizieren miteinander. Aufl\u00f6sung evtl. im n\u00e4chsten Vortrag.\u00a0\u00a0 \u00a0\ud83d\ude09<\/p>\n<\/div>\n<\/div>\n<\/div>\n<\/div>\n","protected":false},"excerpt":{"rendered":"<p>Meine allererste Kanu-Fahrt: Geplant war eine elegante Wendung. Tats\u00e4chlich waren wir pl\u00f6tzlich im Schilf. &#8230; denn ich wusste nicht, was ich tat. Vielleicht w\u00e4re es anders gekommen, wenn ich verstanden h\u00e4tte, was Julianes Arm mir sagen wollte. Diese k\u00f6rpersprachliche Aussage ist mir nach wie vor ein R\u00e4tsel. Als wir wieder ordnungsgem\u00e4\u00df auf dem Wasser waren, [&hellip;]<\/p>\n","protected":false},"author":1,"featured_media":0,"parent":2843,"menu_order":5,"comment_status":"closed","ping_status":"closed","template":"","meta":{"footnotes":""},"class_list":["post-43","page","type-page","status-publish","hentry"],"_links":{"self":[{"href":"https:\/\/mensch-tier-gemeinsam.de\/htdocs\/wp-json\/wp\/v2\/pages\/43","targetHints":{"allow":["GET"]}}],"collection":[{"href":"https:\/\/mensch-tier-gemeinsam.de\/htdocs\/wp-json\/wp\/v2\/pages"}],"about":[{"href":"https:\/\/mensch-tier-gemeinsam.de\/htdocs\/wp-json\/wp\/v2\/types\/page"}],"author":[{"embeddable":true,"href":"https:\/\/mensch-tier-gemeinsam.de\/htdocs\/wp-json\/wp\/v2\/users\/1"}],"replies":[{"embeddable":true,"href":"https:\/\/mensch-tier-gemeinsam.de\/htdocs\/wp-json\/wp\/v2\/comments?post=43"}],"version-history":[{"count":5,"href":"https:\/\/mensch-tier-gemeinsam.de\/htdocs\/wp-json\/wp\/v2\/pages\/43\/revisions"}],"predecessor-version":[{"id":2840,"href":"https:\/\/mensch-tier-gemeinsam.de\/htdocs\/wp-json\/wp\/v2\/pages\/43\/revisions\/2840"}],"up":[{"embeddable":true,"href":"https:\/\/mensch-tier-gemeinsam.de\/htdocs\/wp-json\/wp\/v2\/pages\/2843"}],"wp:attachment":[{"href":"https:\/\/mensch-tier-gemeinsam.de\/htdocs\/wp-json\/wp\/v2\/media?parent=43"}],"curies":[{"name":"wp","href":"https:\/\/api.w.org\/{rel}","templated":true}]}}

Älteres Sammelsurium heiterer Fotos

<div id="content-content">
<div id="content-content-inner" class="container-content-inner">
<div id="widget-055aa1df-f50c-4bdf-9839-e74486937237" class="widget widget-text">
<div class="widget-content">
<p><img loading="lazy" decoding="async" id="mce-724" title="Oje, das hatte ich mir anders vorgestellt!" src="http://mensch-tier-gemeinsam.de/attachments/Image/IMG_7021__.jpg?template=generic&amp;header=headers1&amp;button=buttons1" alt="Oje, das hatte ich mir anders vorgestellt!" width="700" height="450" /></p>
<p>Meine allererste Kanu-Fahrt: Geplant war eine elegante Wendung. Tatsächlich waren wir plötzlich im Schilf. &#8230; denn ich wusste nicht, was ich tat. Vielleicht wäre es anders gekommen, wenn ich verstanden hätte, was Julianes Arm mir sagen wollte. Diese körpersprachliche Aussage ist mir nach wie vor ein Rätsel.</p>
<h1><img loading="lazy" decoding="async" id="mce-823" title="Zum Glück lassen sich die Hunde weder von meinem Missgeschick noch von dem darauf folgenden Lachanfall erschüttern." src="http://mensch-tier-gemeinsam.de/attachments/Image/IMG_7032__.jpg?template=generic&amp;header=headers1&amp;button=buttons1" alt="Zum Glück lassen sich die Hunde weder von meinem Missgeschick noch von dem darauf folgenden Lachanfall erschüttern." width="700" height="460" /></h1>
<h1>Als wir wieder ordnungsgemäß auf dem Wasser waren, bekam ich einen Lachanfall. Ich danke Lissy und Peppi für ihre unerschütterliche Geduld. Allerdings fehlte ihnen zum Hinlegen innere Ruhe bzw. Vertrauen in meine Fahrkünste. Verständlicherweise!</h1>
<h1></h1>
<h1>Enten, Tauben, Hunde, Katzen &#8211; und auch noch Menschen!</h1>
<p><img loading="lazy" decoding="async" id="mce-797" title="popelnder Erpel" src="http://mensch-tier-gemeinsam.de/attachments/Image/PA260052_kompr.jpg?template=generic&amp;header=headers1&amp;button=buttons1" alt="popelnder Erpel" width="336" height="412" /></p>
<p>Enten sind lustige Gesellen. Die Fütterung der Jung-Enten ist ein freudiges Spektakel.</p>
<p><img loading="lazy" decoding="async" id="mce-688" title="Kopf-kuscheln ist so schön." src="http://mensch-tier-gemeinsam.de/attachments/Image/DSCF1119_kompr.jpg?template=generic&amp;header=headers1&amp;button=buttons1" alt="Kopf-kuscheln ist so schön." width="448" height="312" /></p>
<p>Kopf an Kopf an Kopf lässt es sich wunderbar schmusen.</p>
<p><img loading="lazy" decoding="async" id="mce-713" title="Am Strand: Das Rudel ruht." src="http://mensch-tier-gemeinsam.de/attachments/Image/hBild071_strand_kompr.jpg?template=generic&amp;header=headers1&amp;button=buttons1" alt="Am Strand: Das Rudel ruht." width="448" height="336" /></p>
<p>Am Strand: Das Rudel ruht, ist jedoch nicht völlig entspannt. Schließlich gibt es am Hunde-Strand jede Menge fremde Lebewesen zu beobachten. Erst wenn ihre Menschen das Aufpassen übernehmen, legen die Hunde ihre Köpfe entspannt ab. Die Arbeitsteilung innerhalb des Rudels ist daran zu erkennen, dass sie verschiedene Bereiche beobachten. Grundlage für die gut funktionierende Arbeitsteilung ist, dass sich die Hunde untereinander vertrauen und sich aufeinander verlassen.</p>
<p><img loading="lazy" decoding="async" id="mce-960" title="Chaos? Rangordnung? Kommunikation!" src="http://mensch-tier-gemeinsam.de/attachments/Image/DSCF1132_kompr_1.jpg?template=generic&amp;header=headers1&amp;button=buttons1" alt="Chaos? Rangordnung? Kommunikation!" width="363" height="336" /></p>
<p>Wildes Chaos, gut strukturierte Rangordnung oder was ist das hier? Das Foto enthält viele Informationen, die vier Lebewesen kommunizieren miteinander. Auflösung evtl. im nächsten Vortrag.    😉</p>
</div>
</div>
</div>
</div>

<p>Meine allererste Kanu-Fahrt: Geplant war eine elegante Wendung. Tatsächlich waren wir plötzlich im Schilf. &#8230; denn ich wusste nicht, was ich tat. Vielleicht wäre es anders gekommen, wenn ich verstanden hätte, was Julianes Arm mir sagen wollte. Diese körpersprachliche Aussage ist mir nach wie vor ein Rätsel. Als wir wieder ordnungsgemäß auf dem Wasser waren, [&hellip;]</p>
