{"id":86,"date":"2015-03-19T21:07:12","date_gmt":"2015-03-19T21:07:12","guid":{"rendered":"http:\/\/mensch-tier-gemeinsam.de\/htdocs\/?page_id=86"},"modified":"2016-05-04T14:40:56","modified_gmt":"2016-05-04T14:40:56","slug":"das-unausgesprochene-erkennen","status":"publish","type":"page","link":"https:\/\/mensch-tier-gemeinsam.de\/htdocs\/kommunikation-persoenlichkeitsentwicklung\/veranstaltungen-zur-kommunikation\/das-unausgesprochene-erkennen\/","title":{"rendered":"Das Unausgesprochene erkennen"},"content":{"rendered":"<div class=\"csRow\">\n<div class=\"csColumnGap\" style=\"margin: 0px; padding: 0px; float: left; width: 1.56%;\"><img decoding=\"async\" src=\"http:\/\/mensch-tier-gemeinsam.de\/htdocs\/wp-content\/plugins\/advanced-wp-columns\/assets\/js\/plugins\/views\/img\/1x1-pixel.png\" alt=\"\" \/><\/div>\n<div class=\"csColumn\" style=\"margin: 0px; padding: 0px; float: left; width: 20.8%;\" data-csid=\"cbcd0adf-6109-460d-bc6d-3141b76c935e\" data-cswidth=\"20.8%\" data-csendpoint=\"215\" data-csstartpoint=\"15\">\n<p>&nbsp;<\/p>\n<p><strong>Termine:<\/strong><\/p>\n<p>Bei Interesse bitte nachfragen.<\/p>\n<p>&nbsp;<\/p>\n<p><span style=\"color: #808080;\">Freitag, 27.03.2015, 19.00 &#8211; ca. 20.30 Uhr<\/span><\/p>\n<\/div>\n<div class=\"csColumnGap\" style=\"margin: 0px; padding: 0px; float: left; width: 1.15%;\"><img decoding=\"async\" src=\"http:\/\/mensch-tier-gemeinsam.de\/htdocs\/wp-content\/plugins\/advanced-wp-columns\/assets\/js\/plugins\/views\/img\/1x1-pixel.png\" alt=\"\" \/><\/div>\n<div class=\"csColumn\" style=\"margin: 0px; padding: 0px; float: left; width: 53%;\" data-csid=\"7995c240-dcc7-4351-8916-b9c44d7750e8\" data-cswidth=\"53.0%\" data-csendpoint=\"735\" data-csstartpoint=\"226\">\n<p style=\"text-align: left;\"><strong>F\u00fcr Einsteiger<\/strong><\/p>\n<p>\u201e<em>Es war doch alles gekl\u00e4rt. Warum verh\u00e4ltst Du Dich\/ verhalten Sie sich jetzt pl\u00f6tzlich anders?\u201c<\/em><\/p>\n<p>In der Kommunikation zwischen zwei Lebewesen werden mehrere Mitteilungen ausgesendet. Menschen konzentrieren sich meistens lediglich auf den Inhalt der Worte und <strong>wundern sich sp\u00e4ter \u00fcber die Ergebnisse der Missverst\u00e4ndnisse.<\/strong> Wie viele Botschaften auf wie vielen Ebenen nehmen Sie wahr, wenn Ihnen Ihr menschliches Gegen\u00fcber einen Satz sagt oder Ihr tierisches Gegen\u00fcber Kontakt mit Ihnen aufnimmt?<\/p>\n<ul>\n<li>Beispiel Mensch-Mensch: \u201eIch verstehe Dich doch. Wieso sagst Du, ich w\u00fcrde nicht zuh\u00f6ren?\u201c.<\/li>\n<li>Beispiel Erwachsener-Kind: &#8222;Du hast gesagt, Du w\u00fcrdest Dich beim n\u00e4chsten Mal an meine Ansage halten. Wieso tust Du es jetzt doch nicht?&#8220;<\/li>\n<li>Beispiel Mensch-Hund: \u201eDu gehorchst sonst so gut. Warum jetzt nicht?\u201c.<\/li>\n<li>Beispiel Mensch-Katze: \u201eIch habe Dich so sch\u00f6n gestreichelt. Weshalb kratzt Du mich pl\u00f6tzlich?\u201c.<\/li>\n<\/ul>\n<p>Ob <strong>am Arbeitsplatz, in der Ehe, als Eltern, als Tierhalter oder in der Freizeit<\/strong>, es gibt immer wieder Situationen, in denen es wichtig ist, neben der offensichtlichen auch die unterschwelligen Botschaften zu verstehen. Um etwas verstehen zu k\u00f6nnen, ist es notwendig, Reaktionen, Bed\u00fcrfnisse und Empfindungen des Gegen\u00fcbers zu erkennen.<\/p>\n<p>Mit Erl\u00e4uterungen zur <strong>Verst\u00e4ndigung mittels Wortwahl, Stimme und K\u00f6rpersprache<\/strong> (Es gibt viele K\u00f6rperteile!) k\u00f6nnen Sie sich darin \u00fcben, \u201ezwischen den Zeilen zu lesen\u201c. Das Wahrnehmen und Erkennen der parallelen Mitteilungen erm\u00f6glicht Ihnen, die <strong>tats\u00e4chliche Mitteilung als Ganzes zu verstehen<\/strong>. Bei diesem Kurz-Seminar stehen Ihnen ca. 4 Hunde zur Verf\u00fcgung. Die hier gewonnenen Erkenntnisse k\u00f6nnen Sie auf die Kommunikation mit Menschen und anderen Tierarten \u00fcbertragen.<\/p>\n<p><img loading=\"lazy\" decoding=\"async\" id=\"mce-1105\" style=\"float: left; margin-right: 20px;\" src=\"..\/..\/..\/..\/..\/..\/..\/..\/attachments\/Image\/DSC_0191kompr.jpg?template=generic&amp;header=headers1&amp;button=buttons1\" alt=\"\" width=\"400\" height=\"266\" \/><\/p>\n<p>Mensch und Hund (Ronja) senden hier mehrere Botschaften aus.<\/p>\n<p><strong>Ort<\/strong><span style=\"font-weight: normal;\"><strong>:<\/strong><\/span> Mensch &amp; Tier gemeinsam, Sanitzer Stra\u00dfe 19 (Eingang vorn, parken hinten), 18190 Sanitz, OT Reppelin<\/p>\n<p><span style=\"font-weight: normal;\"><strong>Teilnehmer<\/strong><\/span>: max. 6 Personen<\/p>\n<p><span style=\"font-weight: bold;\">Teilnahmegeb\u00fchr:<\/span> 15 \u20ac pro Person<\/p>\n<\/div>\n<div class=\"csColumnGap\" style=\"margin: 0px; padding: 0px; float: left; width: 1.15%;\"><img decoding=\"async\" src=\"http:\/\/mensch-tier-gemeinsam.de\/htdocs\/wp-content\/plugins\/advanced-wp-columns\/assets\/js\/plugins\/views\/img\/1x1-pixel.png\" alt=\"\" \/><\/div>\n<div class=\"csColumn\" style=\"margin: 0px; padding: 0px; float: left; width: 20.7%;\" data-csid=\"6333d5c1-0aaf-7f63-9b39-48880ea4aeab\" data-cswidth=\"20.7%\" data-csendpoint=\"945\" data-csstartpoint=\"746\">\n<p>&nbsp;<\/p>\n<p>Wenn Sie gern teilnehmen w\u00fcrden, Ihnen aber der Termin nicht m\u00f6glich ist, teilen Sie es mir bitte mit.<\/p>\n<\/div>\n<div class=\"csColumnGap\" style=\"margin: 0px; padding: 0px; float: left; width: 1.56%;\"><img decoding=\"async\" src=\"http:\/\/mensch-tier-gemeinsam.de\/htdocs\/wp-content\/plugins\/advanced-wp-columns\/assets\/js\/plugins\/views\/img\/1x1-pixel.png\" alt=\"\" \/><\/div>\n<div style=\"clear: both; float: none; display: block; visibility: hidden; width: 0px; font-size: 0px; line-height: 0;\"><\/div>\n<\/div>\n<p>&nbsp;<\/p>\n","protected":false},"excerpt":{"rendered":"<p>&nbsp; Termine: Bei Interesse bitte nachfragen. &nbsp; Freitag, 27.03.2015, 19.00 &#8211; ca. 20.30 Uhr F\u00fcr Einsteiger \u201eEs war doch alles gekl\u00e4rt. Warum verh\u00e4ltst Du Dich\/ verhalten Sie sich jetzt pl\u00f6tzlich anders?\u201c In der Kommunikation zwischen zwei Lebewesen werden mehrere Mitteilungen ausgesendet. Menschen konzentrieren sich meistens lediglich auf den Inhalt der Worte und wundern sich sp\u00e4ter [&hellip;]<\/p>\n","protected":false},"author":1,"featured_media":0,"parent":80,"menu_order":2,"comment_status":"closed","ping_status":"closed","template":"","meta":{"footnotes":""},"class_list":["post-86","page","type-page","status-publish","hentry"],"_links":{"self":[{"href":"https:\/\/mensch-tier-gemeinsam.de\/htdocs\/wp-json\/wp\/v2\/pages\/86","targetHints":{"allow":["GET"]}}],"collection":[{"href":"https:\/\/mensch-tier-gemeinsam.de\/htdocs\/wp-json\/wp\/v2\/pages"}],"about":[{"href":"https:\/\/mensch-tier-gemeinsam.de\/htdocs\/wp-json\/wp\/v2\/types\/page"}],"author":[{"embeddable":true,"href":"https:\/\/mensch-tier-gemeinsam.de\/htdocs\/wp-json\/wp\/v2\/users\/1"}],"replies":[{"embeddable":true,"href":"https:\/\/mensch-tier-gemeinsam.de\/htdocs\/wp-json\/wp\/v2\/comments?post=86"}],"version-history":[{"count":6,"href":"https:\/\/mensch-tier-gemeinsam.de\/htdocs\/wp-json\/wp\/v2\/pages\/86\/revisions"}],"predecessor-version":[{"id":982,"href":"https:\/\/mensch-tier-gemeinsam.de\/htdocs\/wp-json\/wp\/v2\/pages\/86\/revisions\/982"}],"up":[{"embeddable":true,"href":"https:\/\/mensch-tier-gemeinsam.de\/htdocs\/wp-json\/wp\/v2\/pages\/80"}],"wp:attachment":[{"href":"https:\/\/mensch-tier-gemeinsam.de\/htdocs\/wp-json\/wp\/v2\/media?parent=86"}],"curies":[{"name":"wp","href":"https:\/\/api.w.org\/{rel}","templated":true}]}}